Last updated on 2019-04-21 01:47:50 CEST.
Flavor | Version | Tinstall | Tcheck | Ttotal | Status | Flags |
---|---|---|---|---|---|---|
r-devel-linux-x86_64-debian-clang | 0.1.0 | 1.82 | 26.69 | 28.51 | OK | |
r-devel-linux-x86_64-debian-gcc | 0.1.0 | 2.18 | 23.56 | 25.74 | OK | |
r-devel-linux-x86_64-fedora-clang | 0.1.0 | 33.68 | OK | |||
r-devel-linux-x86_64-fedora-gcc | 0.1.0 | 32.08 | OK | |||
r-devel-windows-ix86+x86_64 | 0.1.0 | 6.00 | 39.00 | 45.00 | OK | |
r-patched-linux-x86_64 | 0.1.0 | 1.83 | 27.04 | 28.87 | OK | |
r-patched-solaris-x86 | 0.1.0 | 50.90 | OK | |||
r-release-linux-x86_64 | 0.1.0 | 0.87 | 24.81 | 25.68 | OK | |
r-release-windows-ix86+x86_64 | 0.1.0 | 3.00 | 48.00 | 51.00 | OK | |
r-release-osx-x86_64 | 0.1.0 | OK | ||||
r-oldrel-osx-x86_64 | 0.1.0 | ERROR |
Version: 0.1.0
Check: whether package can be installed
Result: ERROR
Installation failed.
Flavor: r-oldrel-osx-x86_64