CRAN Package Check Results for Package htmltidy

Last updated on 2019-04-21 01:47:50 CEST.

Flavor Version Tinstall Tcheck Ttotal Status Flags
r-devel-linux-x86_64-debian-clang 0.4.0 42.32 30.65 72.97 WARN
r-devel-linux-x86_64-debian-gcc 0.4.0 33.68 27.79 61.47 OK
r-devel-linux-x86_64-fedora-clang 0.4.0 104.38 WARN
r-devel-linux-x86_64-fedora-gcc 0.4.0 93.17 OK
r-devel-windows-ix86+x86_64 0.4.0 139.00 100.00 239.00 OK
r-patched-linux-x86_64 0.4.0 37.27 30.69 67.96 OK
r-patched-solaris-x86 0.4.0 108.50 OK
r-release-linux-x86_64 0.4.0 35.57 29.25 64.82 OK
r-release-windows-ix86+x86_64 0.4.0 108.00 68.00 176.00 OK
r-release-osx-x86_64 0.4.0 OK
r-oldrel-windows-ix86+x86_64 0.4.0 104.00 88.00 192.00 OK
r-oldrel-osx-x86_64 0.4.0 OK

Check Details

Version: 0.4.0
Check: whether package can be installed
Result: WARN
    Found the following significant warnings:
     language.c:41:5: warning: flexible array initialization is a GNU extension [-Wgnu-flexible-array-initializer]
Flavors: r-devel-linux-x86_64-debian-clang, r-devel-linux-x86_64-fedora-clang