CRAN Package Check Results for Package hunspell

Last updated on 2019-04-21 01:47:50 CEST.

Flavor Version Tinstall Tcheck Ttotal Status Flags
r-devel-linux-x86_64-debian-clang 3.0 55.42 39.14 94.56 OK
r-devel-linux-x86_64-debian-gcc 3.0 46.27 40.44 86.71 OK
r-devel-linux-x86_64-fedora-clang 3.0 149.92 NOTE
r-devel-linux-x86_64-fedora-gcc 3.0 132.26 OK
r-devel-windows-ix86+x86_64 3.0 161.00 149.00 310.00 OK
r-patched-linux-x86_64 3.0 52.87 45.71 98.58 OK
r-patched-solaris-x86 3.0 152.60 WARN
r-release-linux-x86_64 3.0 52.82 44.00 96.82 OK
r-release-windows-ix86+x86_64 3.0 114.00 137.00 251.00 OK
r-release-osx-x86_64 3.0 WARN
r-oldrel-windows-ix86+x86_64 3.0 126.00 143.00 269.00 OK
r-oldrel-osx-x86_64 3.0 WARN

Check Details

Version: 3.0
Check: installed package size
Result: NOTE
     installed size is 7.5Mb
     sub-directories of 1Mb or more:
     dict 1.5Mb
     libs 4.9Mb
Flavors: r-devel-linux-x86_64-fedora-clang, r-release-osx-x86_64, r-oldrel-osx-x86_64

Version: 3.0
Check: re-building of vignette outputs
Result: WARN
    Error(s) in re-building vignettes:
     ...
    --- re-building ‘intro.Rmd’ using rmarkdown
    Warning in engine$weave(file, quiet = quiet, encoding = enc) :
     Pandoc (>= 1.12.3) and/or pandoc-citeproc not available. Falling back to R Markdown v1.
    trying URL 'https://arxiv.org/e-print/1406.4806v1'
    Content type 'application/x-eprint-tar' length 29273 bytes (28 KB)
    ==================================================
    downloaded 28 KB
    
    Quitting from lines 161-165 (intro.Rmd)
    Error: processing vignette 'intro.Rmd' failed with diagnostics:
    there is no package called 'webshot'
    --- failed re-building ‘intro.Rmd’
    
    SUMMARY: processing the following file failed:
     ‘intro.Rmd’
    
    Error: Vignette re-building failed.
    Execution halted
Flavor: r-patched-solaris-x86

Version: 3.0
Check: re-building of vignette outputs
Result: WARN
    Error in re-building vignettes:
     ...
    Warning in engine$weave(file, quiet = quiet, encoding = enc) :
     Pandoc (>= 1.12.3) and/or pandoc-citeproc not available. Falling back to R Markdown v1.
    trying URL 'https://arxiv.org/e-print/1406.4806v1'
    Content type 'application/x-eprint-tar' length 29273 bytes (28 KB)
    ==================================================
    downloaded 28 KB
    
    Quitting from lines 161-165 (intro.Rmd)
    Error: processing vignette 'intro.Rmd' failed with diagnostics:
    cannot open the connection
    Execution halted
Flavors: r-release-osx-x86_64, r-oldrel-osx-x86_64