CRAN Package Check Results for Package ingredients

Last updated on 2019-04-21 01:47:51 CEST.

Flavor Version Tinstall Tcheck Ttotal Status Flags
r-devel-linux-x86_64-debian-clang 0.3.1 4.39 119.90 124.29 OK
r-devel-linux-x86_64-debian-gcc 0.3.1 4.34 96.04 100.38 OK
r-devel-linux-x86_64-fedora-clang 0.3.1 145.16 OK
r-devel-linux-x86_64-fedora-gcc 0.3.1 135.83 OK
r-devel-windows-ix86+x86_64 0.3.1 19.00 173.00 192.00 OK
r-patched-linux-x86_64 0.3.1 4.44 113.59 118.03 OK
r-patched-solaris-x86 0.3.1 229.10 NOTE
r-release-linux-x86_64 0.3.1 3.36 137.67 141.03 OK
r-release-windows-ix86+x86_64 0.3.1 6.00 192.00 198.00 OK
r-release-osx-x86_64 0.3.1 OK
r-oldrel-windows-ix86+x86_64 0.3.1 13.00 209.00 222.00 OK

Check Details

Version: 0.3.1
Check: package dependencies
Result: NOTE
    Package suggested but not available for checking: ‘xgboost’
Flavor: r-patched-solaris-x86