Last updated on 2019-04-21 01:47:52 CEST.
Flavor | Version | Tinstall | Tcheck | Ttotal | Status | Flags |
---|---|---|---|---|---|---|
r-devel-linux-x86_64-debian-clang | 0.15.1 | 9.46 | 41.68 | 51.14 | OK | |
r-devel-linux-x86_64-debian-gcc | 0.15.1 | 7.80 | 36.99 | 44.79 | OK | |
r-devel-linux-x86_64-fedora-clang | 0.15.1 | 64.27 | NOTE | |||
r-devel-linux-x86_64-fedora-gcc | 0.15.1 | 58.48 | NOTE | |||
r-devel-windows-ix86+x86_64 | 0.15.1 | 23.00 | 132.00 | 155.00 | OK | |
r-patched-linux-x86_64 | 0.15.1 | 7.82 | 41.69 | 49.51 | OK | |
r-patched-solaris-x86 | 0.15.1 | 91.10 | OK | |||
r-release-linux-x86_64 | 0.15.1 | 7.38 | 41.92 | 49.30 | OK | |
r-release-windows-ix86+x86_64 | 0.15.1 | 21.00 | 77.00 | 98.00 | OK | |
r-release-osx-x86_64 | 0.15.1 | OK | ||||
r-oldrel-windows-ix86+x86_64 | 0.15.1 | 18.00 | 100.00 | 118.00 | OK | |
r-oldrel-osx-x86_64 | 0.15.1 | OK |
Version: 0.15.1
Check: compiled code
Result: NOTE
File ‘intervals/libs/intervals.so’:
Found no calls to: ‘R_registerRoutines’, ‘R_useDynamicSymbols’
It is good practice to register native routines and to disable symbol
search.
See ‘Writing portable packages’ in the ‘Writing R Extensions’ manual.
Flavors: r-devel-linux-x86_64-fedora-clang, r-devel-linux-x86_64-fedora-gcc