CRAN Package Check Results for Package kdtools

Last updated on 2019-04-21 01:47:52 CEST.

Flavor Version Tinstall Tcheck Ttotal Status Flags
r-devel-linux-x86_64-debian-clang 0.3.1 174.28 103.98 278.26 OK
r-devel-linux-x86_64-debian-gcc 0.3.1 54.55 76.90 131.45 OK
r-devel-linux-x86_64-fedora-clang 0.3.1 229.77 NOTE
r-devel-linux-x86_64-fedora-gcc 0.3.1 201.50 OK
r-devel-windows-ix86+x86_64 0.3.1 165.00 187.00 352.00 OK
r-patched-linux-x86_64 0.3.1 59.34 95.92 155.26 OK
r-patched-solaris-x86 0.3.1 314.80 OK
r-release-linux-x86_64 0.3.1 57.51 95.25 152.76 OK
r-release-windows-ix86+x86_64 0.3.1 137.00 174.00 311.00 OK
r-release-osx-x86_64 0.3.1 NOTE
r-oldrel-windows-ix86+x86_64 0.3.1 129.00 187.00 316.00 OK
r-oldrel-osx-x86_64 0.3.1 NOTE

Check Details

Version: 0.3.1
Check: installed package size
Result: NOTE
     installed size is 10.4Mb
     sub-directories of 1Mb or more:
     doc 1.3Mb
     libs 8.8Mb
Flavors: r-devel-linux-x86_64-fedora-clang, r-release-osx-x86_64, r-oldrel-osx-x86_64