CRAN Package Check Results for Package kml

Last updated on 2019-04-21 01:47:52 CEST.

Flavor Version Tinstall Tcheck Ttotal Status Flags
r-devel-linux-x86_64-debian-clang 2.4.1 6.82 48.07 54.89 OK
r-devel-linux-x86_64-debian-gcc 2.4.1 6.41 40.56 46.97 OK
r-devel-linux-x86_64-fedora-clang 2.4.1 63.03 NOTE
r-devel-linux-x86_64-fedora-gcc 2.4.1 60.72 NOTE
r-devel-windows-ix86+x86_64 2.4.1 27.00 92.00 119.00 OK
r-patched-linux-x86_64 2.4.1 6.93 45.89 52.82 OK
r-patched-solaris-x86 2.4.1 97.90 OK
r-release-linux-x86_64 2.4.1 5.67 44.34 50.01 OK
r-release-windows-ix86+x86_64 2.4.1 13.00 119.00 132.00 OK
r-release-osx-x86_64 2.4.1 OK
r-oldrel-windows-ix86+x86_64 2.4.1 18.00 124.00 142.00 OK
r-oldrel-osx-x86_64 2.4.1 OK

Check Details

Version: 2.4.1
Check: compiled code
Result: NOTE
    File ‘kml/libs/kml.so’:
     Found no calls to: ‘R_registerRoutines’, ‘R_useDynamicSymbols’
    
    It is good practice to register native routines and to disable symbol
    search.
    
    See ‘Writing portable packages’ in the ‘Writing R Extensions’ manual.
Flavors: r-devel-linux-x86_64-fedora-clang, r-devel-linux-x86_64-fedora-gcc