Last updated on 2019-04-21 01:47:53 CEST.
Flavor | Version | Tinstall | Tcheck | Ttotal | Status | Flags |
---|---|---|---|---|---|---|
r-devel-linux-x86_64-debian-clang | 1.1.0 | 1.46 | 18.96 | 20.42 | NOTE | |
r-devel-linux-x86_64-debian-gcc | 1.1.0 | 1.85 | 18.80 | 20.65 | NOTE | |
r-devel-linux-x86_64-fedora-clang | 1.1.0 | 25.14 | OK | |||
r-devel-linux-x86_64-fedora-gcc | 1.1.0 | 23.95 | OK | |||
r-devel-windows-ix86+x86_64 | 1.1.0 | 5.00 | 32.00 | 37.00 | OK | |
r-patched-linux-x86_64 | 1.1.0 | 1.39 | 19.84 | 21.23 | NOTE | |
r-patched-solaris-x86 | 1.1.0 | 38.60 | OK | |||
r-release-linux-x86_64 | 1.1.0 | 0.78 | 18.20 | 18.98 | NOTE | |
r-release-windows-ix86+x86_64 | 1.1.0 | 2.00 | 42.00 | 44.00 | OK | |
r-release-osx-x86_64 | 1.1.0 | OK | ||||
r-oldrel-windows-ix86+x86_64 | 1.1.0 | 2.00 | 40.00 | 42.00 | OK | |
r-oldrel-osx-x86_64 | 1.1.0 | OK |
Version: 1.1.0
Check: R code for possible problems
Result: NOTE
Found the following calls to attach():
File 'lazyData/R/requireData.R':
attach(NULL, pos = pos, name = searchDataName)
See section 'Good practice' in '?attach'.
Flavors: r-devel-linux-x86_64-debian-clang, r-devel-linux-x86_64-debian-gcc, r-patched-linux-x86_64, r-release-linux-x86_64