Last updated on 2019-04-21 01:47:53 CEST.
Flavor | Version | Tinstall | Tcheck | Ttotal | Status | Flags |
---|---|---|---|---|---|---|
r-devel-linux-x86_64-debian-clang | 1.0 | 29.23 | 74.97 | 104.20 | OK | |
r-devel-linux-x86_64-debian-gcc | 1.0 | 23.01 | 64.32 | 87.33 | OK | |
r-devel-linux-x86_64-fedora-clang | 1.0 | 131.93 | NOTE | |||
r-devel-linux-x86_64-fedora-gcc | 1.0 | 123.14 | NOTE | |||
r-devel-windows-ix86+x86_64 | 1.0 | 71.00 | 119.00 | 190.00 | OK | |
r-patched-linux-x86_64 | 1.0 | 26.86 | 75.65 | 102.51 | OK | |
r-patched-solaris-x86 | 1.0 | 182.50 | OK | |||
r-release-linux-x86_64 | 1.0 | 24.30 | 71.36 | 95.66 | OK | |
r-release-windows-ix86+x86_64 | 1.0 | 48.00 | 145.00 | 193.00 | OK | |
r-release-osx-x86_64 | 1.0 | OK | ||||
r-oldrel-windows-ix86+x86_64 | 1.0 | 62.00 | 163.00 | 225.00 | OK | |
r-oldrel-osx-x86_64 | 1.0 | ERROR |
Version: 1.0
Check: compiled code
Result: NOTE
File ‘lcopula/libs/lcopula.so’:
Found no calls to: ‘R_registerRoutines’, ‘R_useDynamicSymbols’
It is good practice to register native routines and to disable symbol
search.
See ‘Writing portable packages’ in the ‘Writing R Extensions’ manual.
Flavors: r-devel-linux-x86_64-fedora-clang, r-devel-linux-x86_64-fedora-gcc
Version: 1.0
Check: package dependencies
Result: ERROR
Package required but not available: ‘copula’
See section ‘The DESCRIPTION file’ in the ‘Writing R Extensions’
manual.
Flavor: r-oldrel-osx-x86_64