CRAN Package Check Results for Package lineqGPR

Last updated on 2019-04-21 01:47:53 CEST.

Flavor Version Tinstall Tcheck Ttotal Status Flags
r-devel-linux-x86_64-debian-clang 0.0.3 11.88 81.03 92.91 OK
r-devel-linux-x86_64-debian-gcc 0.0.3 8.85 68.49 77.34 OK
r-devel-linux-x86_64-fedora-clang 0.0.3 108.41 OK
r-devel-linux-x86_64-fedora-gcc 0.0.3 127.83 OK
r-devel-windows-ix86+x86_64 0.0.3 31.00 135.00 166.00 NOTE
r-patched-linux-x86_64 0.0.3 11.12 78.78 89.90 OK
r-patched-solaris-x86 0.0.3 162.10 OK
r-release-linux-x86_64 0.0.3 8.55 77.32 85.87 OK
r-release-windows-ix86+x86_64 0.0.3 14.00 124.00 138.00 NOTE
r-release-osx-x86_64 0.0.3 OK
r-oldrel-windows-ix86+x86_64 0.0.3 17.00 128.00 145.00 NOTE
r-oldrel-osx-x86_64 0.0.3 OK

Check Details

Version: 0.0.3
Check: package dependencies
Result: NOTE
    Package suggested but not available for checking: 'doMC'
Flavors: r-devel-windows-ix86+x86_64, r-release-windows-ix86+x86_64, r-oldrel-windows-ix86+x86_64