CRAN Package Check Results for Package lisp

Last updated on 2019-04-21 01:47:53 CEST.

Flavor Version Tinstall Tcheck Ttotal Status Flags
r-devel-linux-x86_64-debian-clang 0.1 1.48 17.54 19.02 NOTE
r-devel-linux-x86_64-debian-gcc 0.1 2.05 17.60 19.65 NOTE
r-devel-linux-x86_64-fedora-clang 0.1 23.23 NOTE
r-devel-linux-x86_64-fedora-gcc 0.1 21.98 NOTE
r-devel-windows-ix86+x86_64 0.1 4.00 31.00 35.00 NOTE
r-patched-linux-x86_64 0.1 1.65 17.46 19.11 NOTE
r-patched-solaris-x86 0.1 36.60 NOTE
r-release-linux-x86_64 0.1 0.81 16.67 17.48 NOTE
r-release-windows-ix86+x86_64 0.1 2.00 31.00 33.00 NOTE
r-release-osx-x86_64 0.1 NOTE
r-oldrel-windows-ix86+x86_64 0.1 4.00 27.00 31.00 NOTE
r-oldrel-osx-x86_64 0.1 NOTE

Check Details

Version: 0.1
Check: top-level files
Result: NOTE
    Non-standard file/directory found at top level:
     'package.R'
Flavors: r-devel-linux-x86_64-debian-clang, r-devel-linux-x86_64-debian-gcc, r-devel-linux-x86_64-fedora-clang, r-devel-linux-x86_64-fedora-gcc, r-patched-linux-x86_64, r-release-linux-x86_64

Version: 0.1
Check: R code for possible problems
Result: NOTE
    last: no visible global function definition for 'tail'
    Undefined global functions or variables:
     tail
    Consider adding
     importFrom("utils", "tail")
    to your NAMESPACE file.
Flavors: r-devel-linux-x86_64-debian-clang, r-devel-linux-x86_64-debian-gcc, r-devel-linux-x86_64-fedora-clang, r-devel-linux-x86_64-fedora-gcc, r-devel-windows-ix86+x86_64, r-patched-linux-x86_64, r-patched-solaris-x86, r-release-linux-x86_64, r-release-windows-ix86+x86_64, r-release-osx-x86_64, r-oldrel-windows-ix86+x86_64, r-oldrel-osx-x86_64