Last updated on 2019-04-21 01:47:54 CEST.
Flavor | Version | Tinstall | Tcheck | Ttotal | Status | Flags |
---|---|---|---|---|---|---|
r-devel-linux-x86_64-debian-clang | 1.1-2 | 1.66 | 20.48 | 22.14 | NOTE | |
r-devel-linux-x86_64-debian-gcc | 1.1-2 | 2.27 | 20.14 | 22.41 | NOTE | |
r-devel-linux-x86_64-fedora-clang | 1.1-2 | 27.08 | NOTE | |||
r-devel-linux-x86_64-fedora-gcc | 1.1-2 | 25.73 | NOTE | |||
r-devel-windows-ix86+x86_64 | 1.1-2 | 6.00 | 35.00 | 41.00 | NOTE | |
r-patched-linux-x86_64 | 1.1-2 | 1.66 | 20.71 | 22.37 | NOTE | |
r-patched-solaris-x86 | 1.1-2 | 43.00 | NOTE | |||
r-release-linux-x86_64 | 1.1-2 | 1.26 | 18.50 | 19.76 | NOTE | |
r-release-windows-ix86+x86_64 | 1.1-2 | 3.00 | 42.00 | 45.00 | NOTE | |
r-release-osx-x86_64 | 1.1-2 | NOTE | ||||
r-oldrel-windows-ix86+x86_64 | 1.1-2 | 3.00 | 41.00 | 44.00 | NOTE | |
r-oldrel-osx-x86_64 | 1.1-2 | NOTE |
Version: 1.1-2
Check: DESCRIPTION meta-information
Result: NOTE
Malformed Description field: should contain one or more complete sentences.
Flavors: r-devel-linux-x86_64-debian-clang, r-devel-linux-x86_64-debian-gcc, r-devel-linux-x86_64-fedora-clang, r-devel-linux-x86_64-fedora-gcc, r-devel-windows-ix86+x86_64, r-patched-linux-x86_64, r-patched-solaris-x86, r-release-linux-x86_64, r-release-windows-ix86+x86_64, r-release-osx-x86_64, r-oldrel-windows-ix86+x86_64, r-oldrel-osx-x86_64
Version: 1.1-2
Check: dependencies in R code
Result: NOTE
'library' or 'require' call to 'MASS' which was already attached by Depends.
Please remove these calls from your code.
Flavors: r-devel-linux-x86_64-debian-clang, r-devel-linux-x86_64-debian-gcc, r-devel-linux-x86_64-fedora-clang, r-devel-linux-x86_64-fedora-gcc, r-devel-windows-ix86+x86_64, r-patched-linux-x86_64, r-patched-solaris-x86, r-release-linux-x86_64, r-release-windows-ix86+x86_64, r-release-osx-x86_64, r-oldrel-windows-ix86+x86_64, r-oldrel-osx-x86_64
Version: 1.1-2
Check: R code for possible problems
Result: NOTE
mAr.pca: no visible binding for global variable 'sd'
Undefined global functions or variables:
sd
Consider adding
importFrom("stats", "sd")
to your NAMESPACE file.
Flavors: r-devel-linux-x86_64-debian-clang, r-devel-linux-x86_64-debian-gcc, r-devel-linux-x86_64-fedora-clang, r-devel-linux-x86_64-fedora-gcc, r-devel-windows-ix86+x86_64, r-patched-linux-x86_64, r-patched-solaris-x86, r-release-linux-x86_64, r-release-windows-ix86+x86_64, r-release-osx-x86_64, r-oldrel-windows-ix86+x86_64, r-oldrel-osx-x86_64