CRAN Package Check Results for Package manhattanly

Last updated on 2019-04-21 01:47:54 CEST.

Flavor Version Tinstall Tcheck Ttotal Status Flags
r-devel-linux-x86_64-debian-clang 0.2.0 5.60 52.07 57.67 OK
r-devel-linux-x86_64-debian-gcc 0.2.0 5.51 44.10 49.61 OK
r-devel-linux-x86_64-fedora-clang 0.2.0 69.33 OK
r-devel-linux-x86_64-fedora-gcc 0.2.0 61.59 OK
r-devel-windows-ix86+x86_64 0.2.0 23.00 96.00 119.00 OK
r-patched-linux-x86_64 0.2.0 6.43 50.93 57.36 OK
r-patched-solaris-x86 0.2.0 94.20 WARN
r-release-linux-x86_64 0.2.0 4.13 49.64 53.77 OK
r-release-windows-ix86+x86_64 0.2.0 9.00 101.00 110.00 OK
r-release-osx-x86_64 0.2.0 WARN
r-oldrel-windows-ix86+x86_64 0.2.0 7.00 6.00 13.00 ERROR
r-oldrel-osx-x86_64 0.2.0 WARN

Check Details

Version: 0.2.0
Check: re-building of vignette outputs
Result: WARN
    Error(s) in re-building vignettes:
     ...
    --- re-building ‘manhattanly.Rmd’ using rmarkdown
    Warning in engine$weave(file, quiet = quiet, encoding = enc) :
     Pandoc (>= 1.12.3) and/or pandoc-citeproc not available. Falling back to R Markdown v1.
    Loading required package: ggplot2
    
    Attaching package: 'plotly'
    
    The following object is masked from 'package:ggplot2':
    
     last_plot
    
    The following object is masked from 'package:stats':
    
     filter
    
    The following object is masked from 'package:graphics':
    
     layout
    
    Quitting from lines 95-96 (manhattanly.Rmd)
    Error: processing vignette 'manhattanly.Rmd' failed with diagnostics:
    there is no package called 'webshot'
    --- failed re-building ‘manhattanly.Rmd’
    
    SUMMARY: processing the following file failed:
     ‘manhattanly.Rmd’
    
    Error: Vignette re-building failed.
    Execution halted
Flavor: r-patched-solaris-x86

Version: 0.2.0
Check: re-building of vignette outputs
Result: WARN
    Error in re-building vignettes:
     ...
    Loading required package: ggplot2
    
    Attaching package: 'plotly'
    
    The following object is masked from 'package:ggplot2':
    
     last_plot
    
    The following object is masked from 'package:stats':
    
     filter
    
    The following object is masked from 'package:graphics':
    
     layout
    
    PhantomJS not found. You can install it with webshot::install_phantomjs(). If it is installed, please make sure the phantomjs executable can be found via the PATH variable.
    Warning in normalizePath(f2) :
     path[1]="./webshot1b95497e3633.png": No such file or directory
    Warning in file(con, "rb") :
     cannot open file './webshot1b95497e3633.png': No such file or directory
    Quitting from lines 95-96 (manhattanly.Rmd)
    Error: processing vignette 'manhattanly.Rmd' failed with diagnostics:
    cannot open the connection
    Execution halted
Flavor: r-release-osx-x86_64

Version: 0.2.0
Check: whether package can be installed
Result: ERROR
    Installation failed.
Flavor: r-oldrel-windows-ix86+x86_64

Version: 0.2.0
Check: re-building of vignette outputs
Result: WARN
    Error in re-building vignettes:
     ...
    Attaching package: 'plotly'
    
    The following object is masked from 'package:ggplot2':
    
     last_plot
    
    The following object is masked from 'package:stats':
    
     filter
    
    The following object is masked from 'package:graphics':
    
     layout
    
    Warning in arrange_impl(.data, dots) :
     '.Random.seed' is not an integer vector but of type 'NULL', so ignored
    PhantomJS not found. You can install it with webshot::install_phantomjs(). If it is installed, please make sure the phantomjs executable can be found via the PATH variable.
    Warning in normalizePath(f2) :
     path[1]="./webshot875a24484c01.png": No such file or directory
    Warning in file(con, "rb") :
     cannot open file './webshot875a24484c01.png': No such file or directory
    Quitting from lines 95-96 (manhattanly.Rmd)
    Error: processing vignette 'manhattanly.Rmd' failed with diagnostics:
    cannot open the connection
    Execution halted
Flavor: r-oldrel-osx-x86_64