CRAN Package Check Results for Package marqLevAlg

Last updated on 2019-04-21 01:47:54 CEST.

Flavor Version Tinstall Tcheck Ttotal Status Flags
r-devel-linux-x86_64-debian-clang 1.1 2.70 21.31 24.01 NOTE
r-devel-linux-x86_64-debian-gcc 1.1 3.21 21.48 24.69 NOTE
r-devel-linux-x86_64-fedora-clang 1.1 29.77 NOTE
r-devel-linux-x86_64-fedora-gcc 1.1 27.83 NOTE
r-devel-windows-ix86+x86_64 1.1 11.00 40.00 51.00 NOTE
r-patched-linux-x86_64 1.1 2.68 21.50 24.18 NOTE
r-patched-solaris-x86 1.1 46.10 NOTE
r-release-linux-x86_64 1.1 2.02 19.84 21.86 NOTE
r-release-windows-ix86+x86_64 1.1 9.00 32.00 41.00 NOTE
r-release-osx-x86_64 1.1 NOTE
r-oldrel-windows-ix86+x86_64 1.1 8.00 48.00 56.00 NOTE
r-oldrel-osx-x86_64 1.1 NOTE

Check Details

Version: 1.1
Check: R code for possible problems
Result: NOTE
    marqLevAlg: no visible global function definition for 'flush.console'
    print.marqLevAlg: no visible global function definition for 'qnorm'
    print.marqLevAlg: no visible global function definition for 'pchisq'
    summary.marqLevAlg: no visible global function definition for 'qnorm'
    summary.marqLevAlg: no visible global function definition for 'pchisq'
    Undefined global functions or variables:
     flush.console pchisq qnorm
    Consider adding
     importFrom("stats", "pchisq", "qnorm")
     importFrom("utils", "flush.console")
    to your NAMESPACE file.
Flavors: r-devel-linux-x86_64-debian-clang, r-devel-linux-x86_64-debian-gcc, r-devel-linux-x86_64-fedora-clang, r-devel-linux-x86_64-fedora-gcc, r-devel-windows-ix86+x86_64, r-patched-linux-x86_64, r-patched-solaris-x86, r-release-linux-x86_64, r-release-windows-ix86+x86_64, r-release-osx-x86_64, r-oldrel-windows-ix86+x86_64, r-oldrel-osx-x86_64

Version: 1.1
Check: compiled code
Result: NOTE
    File ‘marqLevAlg/libs/marqLevAlg.so’:
     Found no calls to: ‘R_registerRoutines’, ‘R_useDynamicSymbols’
    
    It is good practice to register native routines and to disable symbol
    search.
    
    See ‘Writing portable packages’ in the ‘Writing R Extensions’ manual.
Flavors: r-devel-linux-x86_64-fedora-clang, r-devel-linux-x86_64-fedora-gcc