CRAN Package Check Results for Package mcGlobaloptim

Last updated on 2019-04-21 01:47:54 CEST.

Flavor Version Tinstall Tcheck Ttotal Status Flags
r-devel-linux-x86_64-debian-clang 0.1 2.03 25.05 27.08 NOTE
r-devel-linux-x86_64-debian-gcc 0.1 2.24 23.16 25.40 NOTE
r-devel-linux-x86_64-fedora-clang 0.1 32.29 NOTE
r-devel-linux-x86_64-fedora-gcc 0.1 30.82 NOTE
r-devel-windows-ix86+x86_64 0.1 4.00 36.00 40.00 NOTE
r-patched-linux-x86_64 0.1 2.15 25.43 27.58 NOTE
r-patched-solaris-x86 0.1 49.30 NOTE
r-release-linux-x86_64 0.1 1.27 24.47 25.74 NOTE
r-release-windows-ix86+x86_64 0.1 3.00 35.00 38.00 NOTE
r-release-osx-x86_64 0.1 NOTE
r-oldrel-windows-ix86+x86_64 0.1 4.00 48.00 52.00 NOTE
r-oldrel-osx-x86_64 0.1 NOTE

Check Details

Version: 0.1
Check: R code for possible problems
Result: NOTE
    call_localoptim: no visible global function definition for 'optim'
    call_localoptim: no visible global function definition for 'nlminb'
    call_localoptim: no visible global function definition for
     'txtProgressBar'
    call_localoptim: no visible global function definition for
     'setTxtProgressBar'
    call_localoptim : <anonymous>: no visible global function definition
     for 'optim'
    call_localoptim : <anonymous>: no visible global function definition
     for 'nlminb'
    multiStartoptim: no visible global function definition for 'median'
    Undefined global functions or variables:
     median nlminb optim setTxtProgressBar txtProgressBar
    Consider adding
     importFrom("stats", "median", "nlminb", "optim")
     importFrom("utils", "setTxtProgressBar", "txtProgressBar")
    to your NAMESPACE file.
Flavors: r-devel-linux-x86_64-debian-clang, r-devel-linux-x86_64-debian-gcc, r-devel-linux-x86_64-fedora-clang, r-devel-linux-x86_64-fedora-gcc, r-devel-windows-ix86+x86_64, r-patched-linux-x86_64, r-patched-solaris-x86, r-release-linux-x86_64, r-release-windows-ix86+x86_64, r-release-osx-x86_64, r-oldrel-windows-ix86+x86_64, r-oldrel-osx-x86_64