Last updated on 2019-04-21 01:47:54 CEST.
Flavor | Version | Tinstall | Tcheck | Ttotal | Status | Flags |
---|---|---|---|---|---|---|
r-devel-linux-x86_64-debian-clang | 0.3-3 | 25.92 | 236.82 | 262.74 | OK | |
r-devel-linux-x86_64-debian-gcc | 0.3-3 | 19.54 | 182.09 | 201.63 | OK | |
r-devel-linux-x86_64-fedora-clang | 0.3-3 | 314.32 | OK | |||
r-devel-linux-x86_64-fedora-gcc | 0.3-3 | 313.97 | OK | |||
r-devel-windows-ix86+x86_64 | 0.3-3 | 91.00 | 541.00 | 632.00 | OK | |
r-patched-linux-x86_64 | 0.3-3 | 27.73 | 231.34 | 259.07 | OK | |
r-patched-solaris-x86 | 0.3-3 | 498.60 | OK | |||
r-release-linux-x86_64 | 0.3-3 | 19.21 | 233.41 | 252.62 | OK | |
r-release-windows-ix86+x86_64 | 0.3-3 | 39.00 | 347.00 | 386.00 | OK | |
r-release-osx-x86_64 | 0.3-3 | OK | ||||
r-oldrel-windows-ix86+x86_64 | 0.3-1 | 21.00 | 143.00 | 164.00 | OK | |
r-oldrel-osx-x86_64 | 0.3-3 | ERROR |
Version: 0.3-3
Check: whether package can be installed
Result: ERROR
Installation failed.
Flavor: r-oldrel-osx-x86_64