CRAN Package Check Results for Package memapp

Last updated on 2019-04-21 01:47:54 CEST.

Flavor Version Tinstall Tcheck Ttotal Status Flags
r-devel-linux-x86_64-debian-clang 2.12 2.53 24.54 27.07 OK
r-devel-linux-x86_64-debian-gcc 2.12 2.72 23.27 25.99 OK
r-devel-linux-x86_64-fedora-clang 2.12 33.00 NOTE
r-devel-linux-x86_64-fedora-gcc 2.12 31.39 NOTE
r-devel-windows-ix86+x86_64 2.12 12.00 65.00 77.00 OK
r-patched-linux-x86_64 2.12 2.70 25.00 27.70 OK
r-patched-solaris-x86 2.12 54.60 NOTE
r-release-linux-x86_64 2.12 1.66 23.45 25.11 OK
r-release-windows-ix86+x86_64 2.12 4.00 42.00 46.00 OK
r-release-osx-x86_64 2.12 NOTE
r-oldrel-windows-ix86+x86_64 2.12 9.00 52.00 61.00 OK
r-oldrel-osx-x86_64 2.12 NOTE

Check Details

Version: 2.12
Check: dependencies in R code
Result: NOTE
    Namespaces in Imports field not imported from:
     ‘DT’ ‘RColorBrewer’ ‘RODBC’ ‘dplyr’ ‘foreign’ ‘formattable’ ‘ggplot2’
     ‘haven’ ‘mem’ ‘openxlsx’ ‘plotly’ ‘readxl’ ‘shinyBS’ ‘shinydashboard’
     ‘shinydashboardPlus’ ‘shinyjs’ ‘shinythemes’ ‘stringi’ ‘stringr’
     ‘tidyr’
     All declared Imports should be used.
Flavors: r-devel-linux-x86_64-fedora-clang, r-devel-linux-x86_64-fedora-gcc, r-patched-solaris-x86, r-release-osx-x86_64, r-oldrel-osx-x86_64