Last updated on 2019-04-21 01:47:54 CEST.
Flavor | Version | Tinstall | Tcheck | Ttotal | Status | Flags |
---|---|---|---|---|---|---|
r-devel-linux-x86_64-debian-clang | 1.1.0 | 1.57 | 20.00 | 21.57 | OK | |
r-devel-linux-x86_64-debian-gcc | 1.1.0 | 1.90 | 19.63 | 21.53 | OK | |
r-devel-linux-x86_64-fedora-clang | 1.1.0 | 26.47 | OK | |||
r-devel-linux-x86_64-fedora-gcc | 1.1.0 | 24.73 | OK | |||
r-devel-windows-ix86+x86_64 | 1.1.0 | 6.00 | 92.00 | 98.00 | OK | |
r-patched-linux-x86_64 | 1.1.0 | 1.53 | 19.95 | 21.48 | OK | |
r-patched-solaris-x86 | 1.1.0 | 41.00 | OK | |||
r-release-linux-x86_64 | 1.1.0 | 0.97 | 18.90 | 19.87 | OK | |
r-release-windows-ix86+x86_64 | 1.1.0 | 3.00 | 66.00 | 69.00 | OK | |
r-release-osx-x86_64 | 1.1.0 | OK | ||||
r-oldrel-windows-ix86+x86_64 | 1.1.0 | 2.00 | 61.00 | 63.00 | OK | |
r-oldrel-osx-x86_64 | 1.1.0 | NOTE |
Version: 1.1.0
Check: package dependencies
Result: NOTE
Package suggested but not available for checking: ‘aws.s3’
Flavor: r-oldrel-osx-x86_64