CRAN Package Check Results for Package merTools

Last updated on 2019-04-21 01:47:54 CEST.

Flavor Version Tinstall Tcheck Ttotal Status Flags
r-devel-linux-x86_64-debian-clang 0.4.1 12.50 577.30 589.80 OK
r-devel-linux-x86_64-debian-gcc 0.4.1 11.14 943.40 954.54 WARN
r-devel-linux-x86_64-fedora-clang 0.4.1 692.04 OK
r-devel-linux-x86_64-fedora-gcc 0.4.1 679.76 OK
r-devel-windows-ix86+x86_64 0.4.1 36.00 197.00 233.00 OK --no-vignettes
r-patched-linux-x86_64 0.4.1 12.51 589.98 602.49 OK
r-patched-solaris-x86 0.4.1 1260.40 OK
r-release-linux-x86_64 0.4.1 7.83 585.65 593.48 OK
r-release-windows-ix86+x86_64 0.4.1 16.00 293.00 309.00 OK --no-vignettes
r-release-osx-x86_64 0.4.1 OK
r-oldrel-windows-ix86+x86_64 0.4.1 25.00 316.00 341.00 OK --no-vignettes
r-oldrel-osx-x86_64 0.4.1 OK

Check Details

Version: 0.4.1
Check: re-building of vignette outputs
Result: WARN
    Error(s) in re-building vignettes:
     ...
    --- re-building ‘Using_predictInterval.Rmd’ using rmarkdown
    Loading required package: arm
    Loading required package: MASS
    Loading required package: Matrix
    Loading required package: lme4
    
    arm (Version 1.10-1, built: 2018-4-12)
    
    Working directory is /home/hornik/tmp/R.check/r-devel-gcc/Work/PKGS/merTools.Rcheck/vign_test/merTools/vignettes
    
    Loading required package: dplyr
    
    Attaching package: 'dplyr'
    
    The following object is masked from 'package:MASS':
    
     select
    
    The following objects are masked from 'package:stats':
    
     filter, lag
    
    The following objects are masked from 'package:base':
    
     intersect, setdiff, setequal, union
    
    Loading required package: Rcpp
    rstanarm (Version 2.18.2, packaged: 2018-11-08 22:19:38 UTC)
    - Do not expect the default priors to remain the same in future rstanarm versions.
    Thus, R scripts should specify priors explicitly, even if they are just the defaults.
    - For execution on a local, multicore CPU with excess RAM we recommend calling
    options(mc.cores = parallel::detectCores())
    - Plotting theme set to bayesplot::theme_default().
    --- finished re-building ‘Using_predictInterval.Rmd’
    
    --- re-building ‘imputation.Rmd’ using rmarkdown
    Loading required package: arm
    Loading required package: MASS
    Loading required package: Matrix
    Loading required package: lme4
    
    arm (Version 1.10-1, built: 2018-4-12)
    
    Working directory is /home/hornik/tmp/R.check/r-devel-gcc/Work/PKGS/merTools.Rcheck/vign_test/merTools/vignettes
    
    Loading required package: dplyr
    
    Attaching package: 'dplyr'
    
    The following object is masked from 'package:MASS':
    
     select
    
    The following objects are masked from 'package:stats':
    
     filter, lag
    
    The following objects are masked from 'package:base':
    
     intersect, setdiff, setequal, union
    
    Loading required package: Rcpp
    ##
    ## Amelia II: Multiple Imputation
    ## (Version 1.7.5, built: 2018-05-07)
    ## Copyright (C) 2005-2019 James Honaker, Gary King and Matthew Blackwell
    ## Refer to http://gking.harvard.edu/amelia/ for more information
    ##
    --- finished re-building ‘imputation.Rmd’
    
    --- re-building ‘merToolsIntro.Rmd’ using rmarkdown
    Loading required package: arm
    Loading required package: MASS
    Loading required package: Matrix
    Loading required package: lme4
    
    arm (Version 1.10-1, built: 2018-4-12)
    
    Working directory is /home/hornik/tmp/R.check/r-devel-gcc/Work/PKGS/merTools.Rcheck/vign_test/merTools/vignettes
    
    Loading required package: dplyr
    
    Attaching package: 'dplyr'
    
    The following object is masked from 'package:MASS':
    
     select
    
    The following objects are masked from 'package:stats':
    
     filter, lag
    
    The following objects are masked from 'package:base':
    
     intersect, setdiff, setequal, union
    
    Killed
    SUMMARY: processing the following file failed:
     ‘merToolsIntro.Rmd’
    
    Error: Vignette re-building failed.
    Execution halted
Flavor: r-devel-linux-x86_64-debian-gcc