CRAN Package Check Results for Package miceExt

Last updated on 2019-04-21 01:47:55 CEST.

Flavor Version Tinstall Tcheck Ttotal Status Flags
r-devel-linux-x86_64-debian-clang 1.1.0 11.59 88.33 99.92 ERROR
r-devel-linux-x86_64-debian-gcc 1.1.0 9.75 68.22 77.97 ERROR
r-devel-linux-x86_64-fedora-clang 1.1.0 114.03 ERROR
r-devel-linux-x86_64-fedora-gcc 1.1.0 108.66 ERROR
r-devel-windows-ix86+x86_64 1.1.0 29.00 126.00 155.00 ERROR
r-patched-linux-x86_64 1.1.0 10.65 82.42 93.07 ERROR
r-patched-solaris-x86 1.1.0 173.10 ERROR
r-release-linux-x86_64 1.1.0 7.89 86.92 94.81 OK
r-release-windows-ix86+x86_64 1.1.0 14.00 121.00 135.00 OK
r-release-osx-x86_64 1.1.0 OK
r-oldrel-windows-ix86+x86_64 1.1.0 19.00 127.00 146.00 OK
r-oldrel-osx-x86_64 1.1.0 OK

Check Details

Version: 1.1.0
Check: tests
Result: ERROR
     Running 'testthat.R' [4s/5s]
    Running the tests in 'tests/testthat.R' failed.
    Complete output:
     > library(testthat)
     > library(miceExt)
     Loading required package: mice
     Loading required package: lattice
    
     Attaching package: 'mice'
    
     The following objects are masked from 'package:base':
    
     cbind, rbind
    
     >
     > test_check("miceExt")
     -- 1. Failure: Test functionality (@test_multpmm.R#57) ------------------------
     `post_nh1` has changed from known value recorded in 'post_nh1.rds'.
     Component "midsobj": Component "imp": Component "bmi": Component "1": Mean relative difference: 0.1638633
     Component "midsobj": Component "imp": Component "bmi": Component "2": Mean relative difference: 0.1481907
     Component "midsobj": Component "imp": Component "bmi": Component "3": Mean relative difference: 0.08468873
     Component "midsobj": Component "imp": Component "bmi": Component "4": Mean relative difference: 0.0842872
     Component "midsobj": Component "imp": Component "bmi": Component "5": Mean relative difference: 0.1305732
     Component "midsobj": Component "imp": Component "hyp": Component "1": Mean relative difference: 0.625
     Component "midsobj": Component "imp": Component "hyp": Component "2": Mean relative difference: 0.6666667
     Component "midsobj": Component "imp": Component "hyp": Component "3": Mean relative difference: 1
     Component "midsobj": Component "imp": Component "hyp": Component "4": Mean relative difference: 0.6666667
     ...
    
     -- 2. Failure: Test functionality (@test_multpmm.R#58) ------------------------
     `post_nh2` has changed from known value recorded in 'post_nh2.rds'.
     Component "midsobj": Component "imp": Component "bmi": Component "1": Mean relative difference: 0.1435563
     Component "midsobj": Component "imp": Component "bmi": Component "2": Mean relative difference: 0.128838
     Component "midsobj": Component "imp": Component "bmi": Component "3": Mean relative difference: 0.1290868
     Component "midsobj": Component "imp": Component "bmi": Component "4": Mean relative difference: 0.09693053
     Component "midsobj": Component "imp": Component "bmi": Component "5": Mean relative difference: 0.08099174
     Component "midsobj": Component "imp": Component "hyp": Component "1": Mean relative difference: 0.6666667
     Component "midsobj": Component "imp": Component "hyp": Component "2": Mean relative difference: 1
     Component "midsobj": Component "imp": Component "hyp": Component "3": Mean relative difference: 1
    
     -- 3. Failure: Test functionality (@test_multpmm.R#59) ------------------------
     `post_nh3` has changed from known value recorded in 'post_nh3.rds'.
     Component "midsobj": Component "imp": Component "bmi": Component "1": Mean relative difference: 0.1041451
     Component "midsobj": Component "imp": Component "bmi": Component "2": Mean relative difference: 0.1260997
     Component "midsobj": Component "imp": Component "bmi": Component "3": Mean relative difference: 0.1356513
     Component "midsobj": Component "imp": Component "bmi": Component "4": Mean relative difference: 0.1811506
     Component "midsobj": Component "imp": Component "bmi": Component "5": Mean relative difference: 0.1584821
     Component "midsobj": Component "imp": Component "hyp": Component "1": Mean relative difference: 0.7142857
     Component "midsobj": Component "imp": Component "hyp": Component "2": Mean relative difference: 0.75
     Component "midsobj": Component "imp": Component "hyp": Component "3": Mean relative difference: 0.5
     Component "midsobj": Component "imp": Component "hyp": Component "4": Mean relative difference: 0.6
     ...
    
     == testthat results ===========================================================
     OK: 34 SKIPPED: 0 FAILED: 3
     1. Failure: Test functionality (@test_multpmm.R#57)
     2. Failure: Test functionality (@test_multpmm.R#58)
     3. Failure: Test functionality (@test_multpmm.R#59)
    
     Error: testthat unit tests failed
     Execution halted
Flavor: r-devel-linux-x86_64-debian-clang

Version: 1.1.0
Check: tests
Result: ERROR
     Running ‘testthat.R’ [3s/7s]
    Running the tests in ‘tests/testthat.R’ failed.
    Complete output:
     > library(testthat)
     > library(miceExt)
     Loading required package: mice
     Loading required package: lattice
    
     Attaching package: 'mice'
    
     The following objects are masked from 'package:base':
    
     cbind, rbind
    
     >
     > test_check("miceExt")
     ── 1. Failure: Test functionality (@test_multpmm.R#57) ────────────────────────
     `post_nh1` has changed from known value recorded in 'post_nh1.rds'.
     Component "midsobj": Component "imp": Component "bmi": Component "1": Mean relative difference: 0.1638633
     Component "midsobj": Component "imp": Component "bmi": Component "2": Mean relative difference: 0.1481907
     Component "midsobj": Component "imp": Component "bmi": Component "3": Mean relative difference: 0.08468873
     Component "midsobj": Component "imp": Component "bmi": Component "4": Mean relative difference: 0.0842872
     Component "midsobj": Component "imp": Component "bmi": Component "5": Mean relative difference: 0.1305732
     Component "midsobj": Component "imp": Component "hyp": Component "1": Mean relative difference: 0.625
     Component "midsobj": Component "imp": Component "hyp": Component "2": Mean relative difference: 0.6666667
     Component "midsobj": Component "imp": Component "hyp": Component "3": Mean relative difference: 1
     Component "midsobj": Component "imp": Component "hyp": Component "4": Mean relative difference: 0.6666667
     ...
    
     ── 2. Failure: Test functionality (@test_multpmm.R#58) ────────────────────────
     `post_nh2` has changed from known value recorded in 'post_nh2.rds'.
     Component "midsobj": Component "imp": Component "bmi": Component "1": Mean relative difference: 0.1435563
     Component "midsobj": Component "imp": Component "bmi": Component "2": Mean relative difference: 0.128838
     Component "midsobj": Component "imp": Component "bmi": Component "3": Mean relative difference: 0.1290868
     Component "midsobj": Component "imp": Component "bmi": Component "4": Mean relative difference: 0.09693053
     Component "midsobj": Component "imp": Component "bmi": Component "5": Mean relative difference: 0.08099174
     Component "midsobj": Component "imp": Component "hyp": Component "1": Mean relative difference: 0.6666667
     Component "midsobj": Component "imp": Component "hyp": Component "2": Mean relative difference: 1
     Component "midsobj": Component "imp": Component "hyp": Component "3": Mean relative difference: 1
    
     ── 3. Failure: Test functionality (@test_multpmm.R#59) ────────────────────────
     `post_nh3` has changed from known value recorded in 'post_nh3.rds'.
     Component "midsobj": Component "imp": Component "bmi": Component "1": Mean relative difference: 0.1041451
     Component "midsobj": Component "imp": Component "bmi": Component "2": Mean relative difference: 0.1260997
     Component "midsobj": Component "imp": Component "bmi": Component "3": Mean relative difference: 0.1356513
     Component "midsobj": Component "imp": Component "bmi": Component "4": Mean relative difference: 0.1811506
     Component "midsobj": Component "imp": Component "bmi": Component "5": Mean relative difference: 0.1584821
     Component "midsobj": Component "imp": Component "hyp": Component "1": Mean relative difference: 0.7142857
     Component "midsobj": Component "imp": Component "hyp": Component "2": Mean relative difference: 0.75
     Component "midsobj": Component "imp": Component "hyp": Component "3": Mean relative difference: 0.5
     Component "midsobj": Component "imp": Component "hyp": Component "4": Mean relative difference: 0.6
     ...
    
     ══ testthat results ═══════════════════════════════════════════════════════════
     OK: 34 SKIPPED: 0 FAILED: 3
     1. Failure: Test functionality (@test_multpmm.R#57)
     2. Failure: Test functionality (@test_multpmm.R#58)
     3. Failure: Test functionality (@test_multpmm.R#59)
    
     Error: testthat unit tests failed
     Execution halted
Flavor: r-devel-linux-x86_64-debian-gcc

Version: 1.1.0
Check: tests
Result: ERROR
     Running ‘testthat.R’
    Running the tests in ‘tests/testthat.R’ failed.
    Complete output:
     > library(testthat)
     > library(miceExt)
     Loading required package: mice
     Loading required package: lattice
    
     Attaching package: 'mice'
    
     The following objects are masked from 'package:base':
    
     cbind, rbind
    
     >
     > test_check("miceExt")
     ── 1. Failure: Test functionality (@test_multpmm.R#57) ────────────────────────
     `post_nh1` has changed from known value recorded in 'post_nh1.rds'.
     Component "midsobj": Component "imp": Component "bmi": Component "1": Mean relative difference: 0.1638633
     Component "midsobj": Component "imp": Component "bmi": Component "2": Mean relative difference: 0.1481907
     Component "midsobj": Component "imp": Component "bmi": Component "3": Mean relative difference: 0.08468873
     Component "midsobj": Component "imp": Component "bmi": Component "4": Mean relative difference: 0.0842872
     Component "midsobj": Component "imp": Component "bmi": Component "5": Mean relative difference: 0.1305732
     Component "midsobj": Component "imp": Component "hyp": Component "1": Mean relative difference: 0.625
     Component "midsobj": Component "imp": Component "hyp": Component "2": Mean relative difference: 0.6666667
     Component "midsobj": Component "imp": Component "hyp": Component "3": Mean relative difference: 1
     Component "midsobj": Component "imp": Component "hyp": Component "4": Mean relative difference: 0.6666667
     ...
    
     ── 2. Failure: Test functionality (@test_multpmm.R#58) ────────────────────────
     `post_nh2` has changed from known value recorded in 'post_nh2.rds'.
     Component "midsobj": Component "imp": Component "bmi": Component "1": Mean relative difference: 0.1435563
     Component "midsobj": Component "imp": Component "bmi": Component "2": Mean relative difference: 0.128838
     Component "midsobj": Component "imp": Component "bmi": Component "3": Mean relative difference: 0.1290868
     Component "midsobj": Component "imp": Component "bmi": Component "4": Mean relative difference: 0.09693053
     Component "midsobj": Component "imp": Component "bmi": Component "5": Mean relative difference: 0.08099174
     Component "midsobj": Component "imp": Component "hyp": Component "1": Mean relative difference: 0.6666667
     Component "midsobj": Component "imp": Component "hyp": Component "2": Mean relative difference: 1
     Component "midsobj": Component "imp": Component "hyp": Component "3": Mean relative difference: 1
    
     ── 3. Failure: Test functionality (@test_multpmm.R#59) ────────────────────────
     `post_nh3` has changed from known value recorded in 'post_nh3.rds'.
     Component "midsobj": Component "imp": Component "bmi": Component "1": Mean relative difference: 0.1041451
     Component "midsobj": Component "imp": Component "bmi": Component "2": Mean relative difference: 0.1260997
     Component "midsobj": Component "imp": Component "bmi": Component "3": Mean relative difference: 0.1356513
     Component "midsobj": Component "imp": Component "bmi": Component "4": Mean relative difference: 0.1811506
     Component "midsobj": Component "imp": Component "bmi": Component "5": Mean relative difference: 0.1584821
     Component "midsobj": Component "imp": Component "hyp": Component "1": Mean relative difference: 0.7142857
     Component "midsobj": Component "imp": Component "hyp": Component "2": Mean relative difference: 0.75
     Component "midsobj": Component "imp": Component "hyp": Component "3": Mean relative difference: 0.5
     Component "midsobj": Component "imp": Component "hyp": Component "4": Mean relative difference: 0.6
     ...
    
     ══ testthat results ═══════════════════════════════════════════════════════════
     OK: 34 SKIPPED: 0 FAILED: 3
     1. Failure: Test functionality (@test_multpmm.R#57)
     2. Failure: Test functionality (@test_multpmm.R#58)
     3. Failure: Test functionality (@test_multpmm.R#59)
    
     Error: testthat unit tests failed
     Execution halted
Flavors: r-devel-linux-x86_64-fedora-clang, r-devel-linux-x86_64-fedora-gcc, r-patched-solaris-x86

Version: 1.1.0
Check: tests
Result: ERROR
     Running 'testthat.R' [5s]
    Running the tests in 'tests/testthat.R' failed.
    Complete output:
     > library(testthat)
     > library(miceExt)
     Loading required package: mice
     Loading required package: lattice
    
     Attaching package: 'mice'
    
     The following objects are masked from 'package:base':
    
     cbind, rbind
    
     >
     > test_check("miceExt")
     -- 1. Failure: Test functionality (@test_multpmm.R#57) ------------------------
     `post_nh1` has changed from known value recorded in 'post_nh1.rds'.
     Component "midsobj": Component "imp": Component "bmi": Component "1": Mean relative difference: 0.1638633
     Component "midsobj": Component "imp": Component "bmi": Component "2": Mean relative difference: 0.1481907
     Component "midsobj": Component "imp": Component "bmi": Component "3": Mean relative difference: 0.08468873
     Component "midsobj": Component "imp": Component "bmi": Component "4": Mean relative difference: 0.0842872
     Component "midsobj": Component "imp": Component "bmi": Component "5": Mean relative difference: 0.1305732
     Component "midsobj": Component "imp": Component "hyp": Component "1": Mean relative difference: 0.625
     Component "midsobj": Component "imp": Component "hyp": Component "2": Mean relative difference: 0.6666667
     Component "midsobj": Component "imp": Component "hyp": Component "3": Mean relative difference: 1
     Component "midsobj": Component "imp": Component "hyp": Component "4": Mean relative difference: 0.6666667
     ...
    
     -- 2. Failure: Test functionality (@test_multpmm.R#58) ------------------------
     `post_nh2` has changed from known value recorded in 'post_nh2.rds'.
     Component "midsobj": Component "imp": Component "bmi": Component "1": Mean relative difference: 0.1435563
     Component "midsobj": Component "imp": Component "bmi": Component "2": Mean relative difference: 0.128838
     Component "midsobj": Component "imp": Component "bmi": Component "3": Mean relative difference: 0.1290868
     Component "midsobj": Component "imp": Component "bmi": Component "4": Mean relative difference: 0.09693053
     Component "midsobj": Component "imp": Component "bmi": Component "5": Mean relative difference: 0.08099174
     Component "midsobj": Component "imp": Component "hyp": Component "1": Mean relative difference: 0.6666667
     Component "midsobj": Component "imp": Component "hyp": Component "2": Mean relative difference: 1
     Component "midsobj": Component "imp": Component "hyp": Component "3": Mean relative difference: 1
    
     -- 3. Failure: Test functionality (@test_multpmm.R#59) ------------------------
     `post_nh3` has changed from known value recorded in 'post_nh3.rds'.
     Component "midsobj": Component "imp": Component "bmi": Component "1": Mean relative difference: 0.1041451
     Component "midsobj": Component "imp": Component "bmi": Component "2": Mean relative difference: 0.1260997
     Component "midsobj": Component "imp": Component "bmi": Component "3": Mean relative difference: 0.1356513
     Component "midsobj": Component "imp": Component "bmi": Component "4": Mean relative difference: 0.1811506
     Component "midsobj": Component "imp": Component "bmi": Component "5": Mean relative difference: 0.1584821
     Component "midsobj": Component "imp": Component "hyp": Component "1": Mean relative difference: 0.7142857
     Component "midsobj": Component "imp": Component "hyp": Component "2": Mean relative difference: 0.75
     Component "midsobj": Component "imp": Component "hyp": Component "3": Mean relative difference: 0.5
     Component "midsobj": Component "imp": Component "hyp": Component "4": Mean relative difference: 0.6
     ...
    
     == testthat results ===========================================================
     OK: 34 SKIPPED: 0 FAILED: 3
     1. Failure: Test functionality (@test_multpmm.R#57)
     2. Failure: Test functionality (@test_multpmm.R#58)
     3. Failure: Test functionality (@test_multpmm.R#59)
    
     Error: testthat unit tests failed
     Execution halted
Flavor: r-devel-windows-ix86+x86_64

Version: 1.1.0
Check: tests
Result: ERROR
     Running ‘testthat.R’ [4s/4s]
    Running the tests in ‘tests/testthat.R’ failed.
    Complete output:
     > library(testthat)
     > library(miceExt)
     Loading required package: mice
     Loading required package: lattice
    
     Attaching package: 'mice'
    
     The following objects are masked from 'package:base':
    
     cbind, rbind
    
     >
     > test_check("miceExt")
     ── 1. Failure: Test functionality (@test_multpmm.R#57) ────────────────────────
     `post_nh1` has changed from known value recorded in 'post_nh1.rds'.
     Component "midsobj": Component "imp": Component "bmi": Component "1": Mean relative difference: 0.1638633
     Component "midsobj": Component "imp": Component "bmi": Component "2": Mean relative difference: 0.1481907
     Component "midsobj": Component "imp": Component "bmi": Component "3": Mean relative difference: 0.08468873
     Component "midsobj": Component "imp": Component "bmi": Component "4": Mean relative difference: 0.0842872
     Component "midsobj": Component "imp": Component "bmi": Component "5": Mean relative difference: 0.1305732
     Component "midsobj": Component "imp": Component "hyp": Component "1": Mean relative difference: 0.625
     Component "midsobj": Component "imp": Component "hyp": Component "2": Mean relative difference: 0.6666667
     Component "midsobj": Component "imp": Component "hyp": Component "3": Mean relative difference: 1
     Component "midsobj": Component "imp": Component "hyp": Component "4": Mean relative difference: 0.6666667
     ...
    
     ── 2. Failure: Test functionality (@test_multpmm.R#58) ────────────────────────
     `post_nh2` has changed from known value recorded in 'post_nh2.rds'.
     Component "midsobj": Component "imp": Component "bmi": Component "1": Mean relative difference: 0.1435563
     Component "midsobj": Component "imp": Component "bmi": Component "2": Mean relative difference: 0.128838
     Component "midsobj": Component "imp": Component "bmi": Component "3": Mean relative difference: 0.1290868
     Component "midsobj": Component "imp": Component "bmi": Component "4": Mean relative difference: 0.09693053
     Component "midsobj": Component "imp": Component "bmi": Component "5": Mean relative difference: 0.08099174
     Component "midsobj": Component "imp": Component "hyp": Component "1": Mean relative difference: 0.6666667
     Component "midsobj": Component "imp": Component "hyp": Component "2": Mean relative difference: 1
     Component "midsobj": Component "imp": Component "hyp": Component "3": Mean relative difference: 1
    
     ── 3. Failure: Test functionality (@test_multpmm.R#59) ────────────────────────
     `post_nh3` has changed from known value recorded in 'post_nh3.rds'.
     Component "midsobj": Component "imp": Component "bmi": Component "1": Mean relative difference: 0.1041451
     Component "midsobj": Component "imp": Component "bmi": Component "2": Mean relative difference: 0.1260997
     Component "midsobj": Component "imp": Component "bmi": Component "3": Mean relative difference: 0.1356513
     Component "midsobj": Component "imp": Component "bmi": Component "4": Mean relative difference: 0.1811506
     Component "midsobj": Component "imp": Component "bmi": Component "5": Mean relative difference: 0.1584821
     Component "midsobj": Component "imp": Component "hyp": Component "1": Mean relative difference: 0.7142857
     Component "midsobj": Component "imp": Component "hyp": Component "2": Mean relative difference: 0.75
     Component "midsobj": Component "imp": Component "hyp": Component "3": Mean relative difference: 0.5
     Component "midsobj": Component "imp": Component "hyp": Component "4": Mean relative difference: 0.6
     ...
    
     ══ testthat results ═══════════════════════════════════════════════════════════
     OK: 34 SKIPPED: 0 FAILED: 3
     1. Failure: Test functionality (@test_multpmm.R#57)
     2. Failure: Test functionality (@test_multpmm.R#58)
     3. Failure: Test functionality (@test_multpmm.R#59)
    
     Error: testthat unit tests failed
     Execution halted
Flavor: r-patched-linux-x86_64