Last updated on 2019-04-21 01:47:56 CEST.
Flavor | Version | Tinstall | Tcheck | Ttotal | Status | Flags |
---|---|---|---|---|---|---|
r-devel-linux-x86_64-debian-clang | 1.0.6 | 8.13 | 122.62 | 130.75 | OK | |
r-devel-linux-x86_64-debian-gcc | 1.0.6 | 7.25 | 96.70 | 103.95 | OK | |
r-devel-linux-x86_64-fedora-clang | 1.0.6 | 149.73 | OK | |||
r-devel-linux-x86_64-fedora-gcc | 1.0.6 | 143.46 | OK | |||
r-devel-windows-ix86+x86_64 | 1.0.6 | 19.00 | 187.00 | 206.00 | OK | |
r-patched-linux-x86_64 | 1.0.6 | 7.01 | 118.85 | 125.86 | OK | |
r-patched-solaris-x86 | 1.0.6 | 199.00 | ERROR | |||
r-release-linux-x86_64 | 1.0.6 | 6.37 | 120.86 | 127.23 | OK | |
r-release-windows-ix86+x86_64 | 1.0.6 | 10.00 | 193.00 | 203.00 | OK | |
r-release-osx-x86_64 | 1.0.6 | ERROR | ||||
r-oldrel-windows-ix86+x86_64 | 1.0.6 | 13.00 | 213.00 | 226.00 | OK | |
r-oldrel-osx-x86_64 | 1.0.6 | ERROR |
Version: 1.0.6
Check: tests
Result: ERROR
Running ‘test-all.R’ [55s/74s]
Running the tests in ‘tests/test-all.R’ failed.
Complete output:
>
> library(testthat)
>
> test_check("mudata2")
Loading required package: mudata2
Attaching package: 'mudata2'
The following object is masked from 'package:testthat':
matches
── 1. Error: read/write functions work inside RMarkdown (@test_mudata.io.R#554)
pandoc version 1.12.3 or higher is required and was not found (see the help page ?rmarkdown::pandoc_available).
1: rmarkdown::render(tf, quiet = TRUE) at testthat/test_mudata.io.R:554
2: pandoc_available(required_pandoc, error = TRUE)
3: stop(paste(msg, collapse = " "), call. = FALSE)
OGR: Unsupported geometry type
OGR: Unsupported geometry type
OGR: Unsupported geometry type
OGR: Unsupported geometry type
OGR: Unsupported geometry type
══ testthat results ═══════════════════════════════════════════════════════════
OK: 967 SKIPPED: 0 FAILED: 1
1. Error: read/write functions work inside RMarkdown (@test_mudata.io.R#554)
Error: testthat unit tests failed
Execution halted
Flavor: r-patched-solaris-x86
Version: 1.0.6
Check: tests
Result: ERROR
Running ‘test-all.R’ [31s/31s]
Running the tests in ‘tests/test-all.R’ failed.
Last 13 lines of output:
1: rmarkdown::render(tf, quiet = TRUE) at testthat/test_mudata.io.R:554
2: pandoc_available(required_pandoc, error = TRUE)
3: stop(paste(msg, collapse = " "), call. = FALSE)
OGR: Unsupported geometry type
OGR: Unsupported geometry type
OGR: Unsupported geometry type
OGR: Unsupported geometry type
OGR: Unsupported geometry type
══ testthat results ═══════════════════════════════════════════════════════════
OK: 967 SKIPPED: 0 FAILED: 1
1. Error: read/write functions work inside RMarkdown (@test_mudata.io.R#554)
Error: testthat unit tests failed
Execution halted
Flavor: r-release-osx-x86_64
Version: 1.0.6
Check: tests
Result: ERROR
Running ‘test-all.R’ [32s/32s]
Running the tests in ‘tests/test-all.R’ failed.
Last 13 lines of output:
1: rmarkdown::render(tf, quiet = TRUE) at testthat/test_mudata.io.R:554
2: pandoc_available(required_pandoc, error = TRUE)
3: stop(paste(msg, collapse = " "), call. = FALSE)
OGR: Unsupported geometry type
OGR: Unsupported geometry type
OGR: Unsupported geometry type
OGR: Unsupported geometry type
OGR: Unsupported geometry type
══ testthat results ═══════════════════════════════════════════════════════════
OK: 967 SKIPPED: 0 FAILED: 1
1. Error: read/write functions work inside RMarkdown (@test_mudata.io.R#554)
Error: testthat unit tests failed
Execution halted
Flavor: r-oldrel-osx-x86_64