CRAN Package Check Results for Package mvabund

Last updated on 2019-04-21 01:47:56 CEST.

Flavor Version Tinstall Tcheck Ttotal Status Flags
r-devel-linux-x86_64-debian-clang 4.0.1 47.15 163.24 210.39 OK
r-devel-linux-x86_64-debian-gcc 4.0.1 41.61 297.04 338.65 OK
r-devel-linux-x86_64-fedora-clang 4.0.1 255.51 OK
r-devel-linux-x86_64-fedora-gcc 4.0.1 246.20 OK
r-devel-windows-ix86+x86_64 4.0.1 112.00 322.00 434.00 NOTE
r-patched-linux-x86_64 4.0.1 46.75 156.96 203.71 OK
r-patched-solaris-x86 4.0.1 330.40 OK
r-release-linux-x86_64 4.0.1 45.10 153.31 198.41 OK
r-release-windows-ix86+x86_64 4.0.1 76.00 314.00 390.00 OK
r-release-osx-x86_64 4.0.1 NOTE
r-oldrel-windows-ix86+x86_64 4.0.1 61.00 361.00 422.00 OK
r-oldrel-osx-x86_64 4.0.1 NOTE

Check Details

Version: 4.0.1
Check: whether package can be installed
Result: NOTE
    Found the following notes/warnings:
     Non-staged installation was used
Flavor: r-devel-windows-ix86+x86_64

Version: 4.0.1
Check: installed package size
Result: NOTE
     installed size is 5.9Mb
     sub-directories of 1Mb or more:
     libs 4.9Mb
Flavors: r-release-osx-x86_64, r-oldrel-osx-x86_64