Last updated on 2019-04-21 01:47:57 CEST.
Flavor | Version | Tinstall | Tcheck | Ttotal | Status | Flags |
---|---|---|---|---|---|---|
r-devel-linux-x86_64-debian-clang | 0.1.0 | 14.67 | 138.09 | 152.76 | OK | |
r-devel-linux-x86_64-debian-gcc | 0.1.0 | 13.10 | 112.33 | 125.43 | OK | |
r-devel-linux-x86_64-fedora-clang | 0.1.0 | 181.36 | NOTE | |||
r-devel-linux-x86_64-fedora-gcc | 0.1.0 | 175.29 | OK | |||
r-devel-windows-ix86+x86_64 | 0.1.0 | 41.00 | 233.00 | 274.00 | NOTE | |
r-patched-linux-x86_64 | 0.1.0 | 12.34 | 136.06 | 148.40 | OK | |
r-patched-solaris-x86 | 0.1.0 | 271.40 | NOTE | |||
r-release-linux-x86_64 | 0.1.0 | 10.45 | 133.59 | 144.04 | OK | |
r-release-windows-ix86+x86_64 | 0.1.0 | 21.00 | 225.00 | 246.00 | NOTE | |
r-release-osx-x86_64 | 0.1.0 | NOTE | ||||
r-oldrel-windows-ix86+x86_64 | 0.1.0 | 16.00 | 225.00 | 241.00 | NOTE | |
r-oldrel-osx-x86_64 | 0.1.0 | NOTE |
Version: 0.1.0
Check: installed package size
Result: NOTE
installed size is 6.2Mb
sub-directories of 1Mb or more:
R 1.5Mb
test_files 4.2Mb
Flavors: r-devel-linux-x86_64-fedora-clang, r-devel-windows-ix86+x86_64, r-patched-solaris-x86, r-release-windows-ix86+x86_64, r-release-osx-x86_64, r-oldrel-windows-ix86+x86_64, r-oldrel-osx-x86_64