Last updated on 2019-04-21 01:47:57 CEST.
Flavor | Version | Tinstall | Tcheck | Ttotal | Status | Flags |
---|---|---|---|---|---|---|
r-devel-linux-x86_64-debian-clang | 1.0-9 | 6.72 | 60.60 | 67.32 | NOTE | |
r-devel-linux-x86_64-debian-gcc | 1.0-9 | 6.92 | 52.05 | 58.97 | NOTE | |
r-devel-linux-x86_64-fedora-clang | 1.0-9 | 80.16 | NOTE | |||
r-devel-linux-x86_64-fedora-gcc | 1.0-9 | 78.00 | NOTE | |||
r-devel-windows-ix86+x86_64 | 1.0-9 | 19.00 | 74.00 | 93.00 | NOTE | |
r-patched-linux-x86_64 | 1.0-9 | 7.10 | 59.82 | 66.92 | NOTE | |
r-patched-solaris-x86 | 1.0-9 | 118.90 | NOTE | |||
r-release-linux-x86_64 | 1.0-9 | 5.06 | 58.45 | 63.51 | NOTE | |
r-release-windows-ix86+x86_64 | 1.0-9 | 9.00 | 96.00 | 105.00 | NOTE | |
r-release-osx-x86_64 | 1.0-9 | NOTE | ||||
r-oldrel-windows-ix86+x86_64 | 1.0-9 | 8.00 | 96.00 | 104.00 | NOTE | |
r-oldrel-osx-x86_64 | 1.0-9 | NOTE |
Version: 1.0-9
Check: R code for possible problems
Result: NOTE
print.optimbase: no visible global function definition for 'str'
Undefined global functions or variables:
str
Consider adding
importFrom("utils", "str")
to your NAMESPACE file.
Flavors: r-devel-linux-x86_64-debian-clang, r-devel-linux-x86_64-debian-gcc, r-devel-linux-x86_64-fedora-clang, r-devel-linux-x86_64-fedora-gcc, r-devel-windows-ix86+x86_64, r-patched-linux-x86_64, r-patched-solaris-x86, r-release-linux-x86_64, r-release-windows-ix86+x86_64, r-release-osx-x86_64, r-oldrel-windows-ix86+x86_64, r-oldrel-osx-x86_64
Version: 1.0-9
Check: re-building of vignette outputs
Result: NOTE
Error in re-building vignettes:
...
Error in texi2dvi(file = file, pdf = TRUE, clean = clean, quiet = quiet, :
Running 'texi2dvi' on 'optimbase_manual.tex' failed.
LaTeX errors:
! LaTeX Error: File `ucs.sty' not found.
Type X to quit or <RETURN> to proceed,
or enter new name. (Default extension: sty)
! Emergency stop.
<read *>
l.10 \usepackage
[latin1]{inputenc}^^M
! ==> Fatal error occurred, no output PDF file produced!
Calls: buildVignettes -> texi2pdf -> texi2dvi
Execution halted
Flavor: r-oldrel-osx-x86_64