CRAN Package Check Results for Package optmatch

Last updated on 2019-04-21 01:47:57 CEST.

Flavor Version Tinstall Tcheck Ttotal Status Flags
r-devel-linux-x86_64-debian-clang 0.9-10 41.68 140.29 181.97 OK
r-devel-linux-x86_64-debian-gcc 0.9-10 36.60 129.89 166.49 OK
r-devel-linux-x86_64-fedora-clang 0.9-10 234.74 OK
r-devel-linux-x86_64-fedora-gcc 0.9-10 215.59 OK
r-devel-windows-ix86+x86_64 0.9-10 124.00 279.00 403.00 OK
r-patched-linux-x86_64 0.9-10 37.91 137.91 175.82 OK
r-patched-solaris-x86 0.9-10 270.50 OK
r-release-linux-x86_64 0.9-10 36.46 131.09 167.55 ERROR
r-release-windows-ix86+x86_64 0.9-10 78.00 261.00 339.00 OK
r-release-osx-x86_64 0.9-10 OK
r-oldrel-windows-ix86+x86_64 0.9-10 78.00 289.00 367.00 OK
r-oldrel-osx-x86_64 0.9-10 OK

Check Details

Version: 0.9-10
Check: tests
Result: ERROR
     Running ‘exporting-methods.R’ [3s/3s]
     Running ‘mahal-dist.R’ [3s/3s]
     Running ‘testthat.R’ [30s/32s]
    Running the tests in ‘tests/testthat.R’ failed.
    Complete output:
     > library(testthat)
     > library(optmatch)
     Loading required package: survival
     The optmatch package has an academic license. Enter relaxinfo() for more information.
     >
     > test_check("optmatch")
     ── 1. Error: Bigglm distances (@test.match_on.R#298) ──────────────────────────
     no applicable method for 'bigglm' applied to an object of class "data.frame"
     1: bigglm(Z ~ X1 + X2, data = test.data, family = binomial()) at testthat/test.match_on.R:298
     2: bigglm(Z ~ X1 + X2, data = test.data, family = binomial())
    
     ── 2. Error: scores with bigglm (@test.scores.R#222) ──────────────────────────
     no applicable method for 'bigglm' applied to an object of class "data.frame"
     1: bigglm(Z ~ X1 + X2, data = test.data, family = binomial()) at testthat/test.scores.R:222
     2: bigglm(Z ~ X1 + X2, data = test.data, family = binomial())
    
     ══ testthat results ═══════════════════════════════════════════════════════════
     OK: 1313 SKIPPED: 0 FAILED: 2
     1. Error: Bigglm distances (@test.match_on.R#298)
     2. Error: scores with bigglm (@test.scores.R#222)
    
     Error: testthat unit tests failed
     Execution halted
Flavor: r-release-linux-x86_64