CRAN Package Check Results for Package oro.nifti

Last updated on 2019-04-21 01:47:58 CEST.

Flavor Version Tinstall Tcheck Ttotal Status Flags
r-devel-linux-x86_64-debian-clang 0.9.1 15.93 82.07 98.00 OK
r-devel-linux-x86_64-debian-gcc 0.9.1 14.45 67.32 81.77 OK
r-devel-linux-x86_64-fedora-clang 0.9.1 116.10 NOTE
r-devel-linux-x86_64-fedora-gcc 0.9.1 112.40 OK
r-devel-windows-ix86+x86_64 0.9.1 50.00 124.00 174.00 NOTE
r-patched-linux-x86_64 0.9.1 14.54 81.73 96.27 OK
r-patched-solaris-x86 0.9.1 150.10 NOTE
r-release-linux-x86_64 0.9.1 12.99 80.39 93.38 OK
r-release-windows-ix86+x86_64 0.9.1 22.00 130.00 152.00 NOTE
r-release-osx-x86_64 0.9.1 NOTE
r-oldrel-windows-ix86+x86_64 0.9.1 13.00 132.00 145.00 NOTE
r-oldrel-osx-x86_64 0.9.1 NOTE

Check Details

Version: 0.9.1
Check: installed package size
Result: NOTE
     installed size is 6.6Mb
     sub-directories of 1Mb or more:
     nifti 3.8Mb
Flavors: r-devel-linux-x86_64-fedora-clang, r-devel-windows-ix86+x86_64, r-patched-solaris-x86, r-release-windows-ix86+x86_64, r-release-osx-x86_64, r-oldrel-windows-ix86+x86_64, r-oldrel-osx-x86_64