CRAN Package Check Results for Package pROC

Last updated on 2019-04-21 01:48:00 CEST.

Flavor Version Tinstall Tcheck Ttotal Status Flags
r-devel-linux-x86_64-debian-clang 1.14.0 26.65 92.53 119.18 OK
r-devel-linux-x86_64-debian-gcc 1.14.0 23.54 73.43 96.97 OK
r-devel-linux-x86_64-fedora-clang 1.14.0 150.67 OK
r-devel-linux-x86_64-fedora-gcc 1.14.0 139.20 OK
r-devel-windows-ix86+x86_64 1.14.0 71.00 208.00 279.00 OK
r-patched-linux-x86_64 1.14.0 25.83 91.22 117.05 OK
r-patched-solaris-x86 1.14.0 183.60 OK
r-release-linux-x86_64 1.14.0 26.60 89.16 115.76 OK
r-release-windows-ix86+x86_64 1.14.0 52.00 217.00 269.00 OK
r-release-osx-x86_64 1.14.0 OK
r-oldrel-windows-ix86+x86_64 1.14.0 44.00 255.00 299.00 NOTE
r-oldrel-osx-x86_64 1.14.0 NOTE

Check Details

Version: 1.14.0
Check: dependencies in R code
Result: NOTE
    Missing or unexported object: 'utils::askYesNo'
Flavors: r-oldrel-windows-ix86+x86_64, r-oldrel-osx-x86_64