CRAN Package Check Results for Package pbdBASE

Last updated on 2019-04-21 01:47:58 CEST.

Flavor Version Tinstall Tcheck Ttotal Status Flags
r-devel-linux-x86_64-debian-clang 0.5-0 17.47 48.58 66.05 OK
r-devel-linux-x86_64-debian-gcc 0.5-0 13.33 42.44 55.77 OK
r-devel-linux-x86_64-fedora-clang 0.5-0 79.84 OK
r-devel-linux-x86_64-fedora-gcc 0.5-0 76.94 OK
r-devel-windows-ix86+x86_64 0.5-0 86.00 5.00 91.00 ERROR
r-patched-linux-x86_64 0.5-0 14.71 48.91 63.62 OK
r-patched-solaris-x86 0.5-0 110.60 OK
r-release-linux-x86_64 0.5-0 13.61 45.96 59.57 OK
r-release-windows-ix86+x86_64 0.5-0 90.00 136.00 226.00 OK
r-release-osx-x86_64 0.5-0 ERROR
r-oldrel-windows-ix86+x86_64 0.5-0 127.00 75.00 202.00 OK
r-oldrel-osx-x86_64 0.5-0 ERROR

Check Details

Version: 0.5-0
Check: whether package can be installed
Result: ERROR
    Installation failed.
Flavor: r-devel-windows-ix86+x86_64

Version: 0.5-0
Check: package dependencies
Result: ERROR
    Packages required but not available: ‘pbdMPI’ ‘pbdSLAP’
    
    See section ‘The DESCRIPTION file’ in the ‘Writing R Extensions’
    manual.
Flavors: r-release-osx-x86_64, r-oldrel-osx-x86_64