CRAN Package Check Results for Package pbdMPI

Last updated on 2019-04-21 01:47:58 CEST.

Flavor Version Tinstall Tcheck Ttotal Status Flags
r-devel-linux-x86_64-debian-clang 0.3-9 18.44 66.06 84.50 OK
r-devel-linux-x86_64-debian-gcc 0.3-9 13.37 55.09 68.46 OK
r-devel-linux-x86_64-fedora-clang 0.3-9 99.17 OK
r-devel-linux-x86_64-fedora-gcc 0.3-9 95.12 OK
r-devel-windows-ix86+x86_64 0.3-9 66.00 94.00 160.00 OK
r-patched-linux-x86_64 0.3-9 14.71 65.83 80.54 OK
r-patched-solaris-x86 0.3-9 130.40 OK
r-release-linux-x86_64 0.3-9 12.20 61.82 74.02 OK
r-release-windows-ix86+x86_64 0.3-9 96.00 117.00 213.00 OK
r-release-osx-x86_64 0.3-9 ERROR
r-oldrel-windows-ix86+x86_64 0.3-9 71.00 110.00 181.00 OK
r-oldrel-osx-x86_64 0.3-8 ERROR

Additional issues

valgrind

Check Details

Version: 0.3-9
Check: package dependencies
Result: NOTE
    Package which this enhances but not available for checking: ‘pbdPROF’
Flavor: r-release-osx-x86_64

Version: 0.3-9
Check: whether package can be installed
Result: ERROR
    Installation failed.
Flavor: r-release-osx-x86_64

Version: 0.3-8
Check: package dependencies
Result: NOTE
    Package which this enhances but not available for checking: ‘pbdPROF’
Flavor: r-oldrel-osx-x86_64

Version: 0.3-8
Check: whether package can be installed
Result: ERROR
    Installation failed.
Flavor: r-oldrel-osx-x86_64