CRAN Package Check Results for Package pdftools

Last updated on 2019-04-21 01:47:58 CEST.

Flavor Version Tinstall Tcheck Ttotal Status Flags
r-devel-linux-x86_64-debian-clang 2.2 21.41 28.27 49.68 OK
r-devel-linux-x86_64-debian-gcc 2.2 17.47 26.55 44.02 OK
r-devel-linux-x86_64-fedora-clang 2.2 66.03 OK
r-devel-linux-x86_64-fedora-gcc 2.2 59.90 OK
r-devel-windows-ix86+x86_64 2.2 95.00 122.00 217.00 NOTE
r-patched-linux-x86_64 2.2 21.35 28.08 49.43 OK
r-patched-solaris-x86 2.2 80.20 OK
r-release-linux-x86_64 2.2 20.89 27.32 48.21 OK
r-release-windows-ix86+x86_64 2.2 73.00 126.00 199.00 NOTE
r-release-osx-x86_64 2.2 NOTE
r-oldrel-windows-ix86+x86_64 2.2 76.00 117.00 193.00 NOTE
r-oldrel-osx-x86_64 2.2 NOTE

Check Details

Version: 2.2
Check: installed package size
Result: NOTE
     installed size is 25.3Mb
     sub-directories of 1Mb or more:
     libs 13.3Mb
     share 11.9Mb
Flavors: r-devel-windows-ix86+x86_64, r-release-windows-ix86+x86_64, r-release-osx-x86_64, r-oldrel-windows-ix86+x86_64, r-oldrel-osx-x86_64