CRAN Package Check Results for Package plotluck

Last updated on 2019-04-21 01:47:59 CEST.

Flavor Version Tinstall Tcheck Ttotal Status Flags
r-devel-linux-x86_64-debian-clang 1.1.0 5.24 137.36 142.60 OK
r-devel-linux-x86_64-debian-gcc 1.1.0 5.08 110.22 115.30 OK
r-devel-linux-x86_64-fedora-clang 1.1.0 165.77 NOTE
r-devel-linux-x86_64-fedora-gcc 1.1.0 159.65 NOTE
r-devel-windows-ix86+x86_64 1.1.0 19.00 198.00 217.00 OK
r-patched-linux-x86_64 1.1.0 5.36 132.95 138.31 OK
r-patched-solaris-x86 1.1.0 237.50 NOTE
r-release-linux-x86_64 1.1.0 4.67 138.89 143.56 OK
r-release-windows-ix86+x86_64 1.1.0 8.00 204.00 212.00 OK
r-release-osx-x86_64 1.1.0 NOTE
r-oldrel-windows-ix86+x86_64 1.1.0 10.00 240.00 250.00 OK
r-oldrel-osx-x86_64 1.1.0 NOTE

Check Details

Version: 1.1.0
Check: dependencies in R code
Result: NOTE
    Namespaces in Imports field not imported from:
     ‘hexbin’ ‘quantreg’
     All declared Imports should be used.
Flavors: r-devel-linux-x86_64-fedora-clang, r-devel-linux-x86_64-fedora-gcc, r-patched-solaris-x86, r-release-osx-x86_64, r-oldrel-osx-x86_64