Last updated on 2019-04-21 01:48:00 CEST.
Flavor | Version | Tinstall | Tcheck | Ttotal | Status | Flags |
---|---|---|---|---|---|---|
r-devel-linux-x86_64-debian-clang | 0.1.0 | 5.83 | 49.45 | 55.28 | OK | |
r-devel-linux-x86_64-debian-gcc | 0.1.0 | 5.47 | 41.48 | 46.95 | OK | |
r-devel-linux-x86_64-fedora-clang | 0.1.0 | 68.84 | NOTE | |||
r-devel-linux-x86_64-fedora-gcc | 0.1.0 | 64.06 | NOTE | |||
r-devel-windows-ix86+x86_64 | 0.1.0 | 24.00 | 86.00 | 110.00 | OK | |
r-patched-linux-x86_64 | 0.1.0 | 5.22 | 47.59 | 52.81 | OK | |
r-patched-solaris-x86 | 0.1.0 | 115.60 | NOTE | |||
r-release-linux-x86_64 | 0.1.0 | 4.28 | 46.26 | 50.54 | OK | |
r-release-windows-ix86+x86_64 | 0.1.0 | 8.00 | 61.00 | 69.00 | OK | |
r-release-osx-x86_64 | 0.1.0 | NOTE | ||||
r-oldrel-windows-ix86+x86_64 | 0.1.0 | 16.00 | 89.00 | 105.00 | OK | |
r-oldrel-osx-x86_64 | 0.1.0 | NOTE |
Version: 0.1.0
Check: data for non-ASCII characters
Result: NOTE
Note: found 2 marked UTF-8 strings
Flavors: r-devel-linux-x86_64-fedora-clang, r-devel-linux-x86_64-fedora-gcc, r-patched-solaris-x86, r-release-osx-x86_64, r-oldrel-osx-x86_64