CRAN Package Check Results for Package protViz

Last updated on 2019-04-21 01:48:00 CEST.

Flavor Version Tinstall Tcheck Ttotal Status Flags
r-devel-linux-x86_64-debian-clang 0.4.0 43.66 79.07 122.73 OK
r-devel-linux-x86_64-debian-gcc 0.4.0 35.77 65.49 101.26 OK
r-devel-linux-x86_64-fedora-clang 0.4.0 158.50 NOTE
r-devel-linux-x86_64-fedora-gcc 0.4.0 146.40 OK
r-devel-windows-ix86+x86_64 0.4.0 125.00 129.00 254.00 OK
r-patched-linux-x86_64 0.4.0 41.46 77.95 119.41 OK
r-patched-solaris-x86 0.4.0 183.50 OK
r-release-linux-x86_64 0.4.0 37.75 74.71 112.46 OK
r-release-windows-ix86+x86_64 0.4.0 97.00 181.00 278.00 OK
r-release-osx-x86_64 0.4.0 NOTE
r-oldrel-windows-ix86+x86_64 0.4.0 90.00 198.00 288.00 OK
r-oldrel-osx-x86_64 0.4.0 NOTE

Check Details

Version: 0.4.0
Check: installed package size
Result: NOTE
     installed size is 5.9Mb
     sub-directories of 1Mb or more:
     data 2.1Mb
     libs 2.9Mb
Flavors: r-devel-linux-x86_64-fedora-clang, r-release-osx-x86_64, r-oldrel-osx-x86_64