CRAN Package Check Results for Package qmrparser

Last updated on 2019-04-21 01:48:00 CEST.

Flavor Version Tinstall Tcheck Ttotal Status Flags
r-devel-linux-x86_64-debian-clang 0.1.5 3.38 49.55 52.93 NOTE
r-devel-linux-x86_64-debian-gcc 0.1.5 3.40 42.08 45.48 NOTE
r-devel-linux-x86_64-fedora-clang 0.1.5 63.67 NOTE
r-devel-linux-x86_64-fedora-gcc 0.1.5 61.03 NOTE
r-devel-windows-ix86+x86_64 0.1.5 7.00 49.00 56.00 NOTE
r-patched-linux-x86_64 0.1.5 2.97 50.03 53.00 NOTE
r-patched-solaris-x86 0.1.5 64.70 NOTE
r-release-linux-x86_64 0.1.5 2.07 45.83 47.90 NOTE
r-release-windows-ix86+x86_64 0.1.5 5.00 54.00 59.00 NOTE
r-release-osx-x86_64 0.1.5 NOTE
r-oldrel-windows-ix86+x86_64 0.1.5 4.00 52.00 56.00 NOTE
r-oldrel-osx-x86_64 0.1.5 NOTE

Check Details

Version: 0.1.5
Check: R code for possible problems
Result: NOTE
    pcAxisCubeMake: no visible global function definition for 'aggregate'
    pcAxisCubeToCSV: no visible global function definition for 'write.csv'
    Undefined global functions or variables:
     aggregate write.csv
    Consider adding
     importFrom("stats", "aggregate")
     importFrom("utils", "write.csv")
    to your NAMESPACE file.
Flavors: r-devel-linux-x86_64-debian-clang, r-devel-linux-x86_64-debian-gcc, r-devel-linux-x86_64-fedora-clang, r-devel-linux-x86_64-fedora-gcc, r-devel-windows-ix86+x86_64, r-patched-linux-x86_64, r-patched-solaris-x86, r-release-linux-x86_64, r-release-windows-ix86+x86_64, r-release-osx-x86_64, r-oldrel-windows-ix86+x86_64, r-oldrel-osx-x86_64

Version: 0.1.5
Check: Rd line widths
Result: NOTE
    Rd file 'pcAxisCubeMake.Rd':
     \examples lines wider than 100 characters:
     # In the latter case, latin1 would also work, but accents, ñ, ... would not be correctly read.
    
    Rd file 'pcAxisParser.Rd':
     \examples lines wider than 100 characters:
     # In the latter case, latin1 would also work, but accents, ñ, ... would not be correctly read.
    
    These lines will be truncated in the PDF manual.
Flavor: r-devel-linux-x86_64-debian-clang