CRAN Package Check Results for Package rAvis

Last updated on 2019-04-21 01:48:01 CEST.

Flavor Version Tinstall Tcheck Ttotal Status Flags
r-devel-linux-x86_64-debian-clang 0.1.4 9.31 83.49 92.80 NOTE
r-devel-linux-x86_64-debian-gcc 0.1.4 9.06 68.38 77.44 NOTE
r-devel-linux-x86_64-fedora-clang 0.1.4 117.07 NOTE
r-devel-linux-x86_64-fedora-gcc 0.1.4 109.64 NOTE
r-devel-windows-ix86+x86_64 0.1.4 31.00 157.00 188.00 NOTE
r-patched-linux-x86_64 0.1.4 9.64 83.51 93.15 NOTE
r-patched-solaris-x86 0.1.4 201.50 NOTE
r-release-linux-x86_64 0.1.4 5.98 81.38 87.36 NOTE
r-release-windows-ix86+x86_64 0.1.4 14.00 154.00 168.00 NOTE
r-release-osx-x86_64 0.1.4 NOTE
r-oldrel-windows-ix86+x86_64 0.1.4 23.00 150.00 173.00 NOTE
r-oldrel-osx-x86_64 0.1.4 NOTE

Check Details

Version: 0.1.4
Check: R code for possible problems
Result: NOTE
    .avisApiBusAvanzada: no visible global function definition for
     'read.csv'
    .avisRenderMapAdmin: no visible global function definition for 'points'
    .avisRenderMapAdmin: no visible global function definition for 'rect'
    .avisRenderMapPhysical: no visible global function definition for
     'points'
    avisMap: no visible global function definition for 'par'
    avisMap: no visible global function definition for 'layout'
    Undefined global functions or variables:
     layout par points read.csv rect
    Consider adding
     importFrom("graphics", "layout", "par", "points", "rect")
     importFrom("utils", "read.csv")
    to your NAMESPACE file.
Flavors: r-devel-linux-x86_64-debian-clang, r-devel-linux-x86_64-debian-gcc, r-devel-linux-x86_64-fedora-clang, r-devel-linux-x86_64-fedora-gcc, r-devel-windows-ix86+x86_64, r-patched-linux-x86_64, r-patched-solaris-x86, r-release-linux-x86_64, r-release-windows-ix86+x86_64, r-release-osx-x86_64, r-oldrel-windows-ix86+x86_64, r-oldrel-osx-x86_64