CRAN Package Check Results for Package rCAT

Last updated on 2019-04-21 01:48:01 CEST.

Flavor Version Tinstall Tcheck Ttotal Status Flags
r-devel-linux-x86_64-debian-clang 0.1.5 3.21 34.61 37.82 OK
r-devel-linux-x86_64-debian-gcc 0.1.5 3.30 31.07 34.37 OK
r-devel-linux-x86_64-fedora-clang 0.1.5 48.80 OK
r-devel-linux-x86_64-fedora-gcc 0.1.5 47.87 OK
r-devel-windows-ix86+x86_64 0.1.5 14.00 64.00 78.00 OK
r-patched-linux-x86_64 0.1.5 3.28 34.79 38.07 OK
r-patched-solaris-x86 0.1.5 79.60 OK
r-release-linux-x86_64 0.1.5 1.93 33.25 35.18 OK
r-release-windows-ix86+x86_64 0.1.5 6.00 65.00 71.00 OK
r-release-osx-x86_64 0.1.5 OK
r-oldrel-windows-ix86+x86_64 0.1.5 6.00 66.00 72.00 OK
r-oldrel-osx-x86_64 0.1.5 NOTE

Check Details

Version: 0.1.5
Check: package dependencies
Result: NOTE
    Package suggested but not available for checking: ‘downscale’
Flavor: r-oldrel-osx-x86_64