CRAN Package Check Results for Package rERR

Last updated on 2019-04-21 01:48:02 CEST.

Flavor Version Tinstall Tcheck Ttotal Status Flags
r-devel-linux-x86_64-debian-clang 0.1 9.98 82.40 92.38 OK
r-devel-linux-x86_64-debian-gcc 0.1 9.69 66.86 76.55 OK
r-devel-linux-x86_64-fedora-clang 0.1 109.35 OK
r-devel-linux-x86_64-fedora-gcc 0.1 104.23 OK
r-devel-windows-ix86+x86_64 0.1 38.00 178.00 216.00 OK
r-patched-linux-x86_64 0.1 9.16 79.80 88.96 OK
r-patched-solaris-x86 0.1 171.80 OK
r-release-linux-x86_64 0.1 6.38 78.05 84.43 OK
r-release-windows-ix86+x86_64 0.1 16.00 170.00 186.00 OK
r-release-osx-x86_64 0.1 OK
r-oldrel-osx-x86_64 0.1 ERROR

Check Details

Version: 0.1
Check: whether package can be installed
Result: ERROR
    Installation failed.
Flavor: r-oldrel-osx-x86_64