CRAN Package Check Results for Package ratematrix

Last updated on 2019-04-21 01:48:01 CEST.

Flavor Version Tinstall Tcheck Ttotal Status Flags
r-devel-linux-x86_64-debian-clang 1.1 62.32 146.61 208.93 OK
r-devel-linux-x86_64-debian-gcc 1.1 45.73 125.46 171.19 OK
r-devel-linux-x86_64-fedora-clang 1.1 275.86 NOTE
r-devel-linux-x86_64-fedora-gcc 1.1 235.06 OK
r-devel-windows-ix86+x86_64 1.1 141.00 275.00 416.00 OK
r-patched-linux-x86_64 1.1 51.19 142.20 193.39 OK
r-patched-solaris-x86 1.1 292.20 OK
r-release-linux-x86_64 1.1 41.31 131.92 173.23 OK
r-release-windows-ix86+x86_64 1.1 91.00 263.00 354.00 OK
r-release-osx-x86_64 1.1 NOTE
r-oldrel-windows-ix86+x86_64 1.1 119.00 276.00 395.00 OK
r-oldrel-osx-x86_64 1.1 NOTE

Check Details

Version: 1.1
Check: installed package size
Result: NOTE
     installed size is 6.1Mb
     sub-directories of 1Mb or more:
     libs 3.8Mb
Flavors: r-devel-linux-x86_64-fedora-clang, r-release-osx-x86_64, r-oldrel-osx-x86_64