Last updated on 2019-04-21 01:48:01 CEST.
Flavor | Version | Tinstall | Tcheck | Ttotal | Status | Flags |
---|---|---|---|---|---|---|
r-devel-linux-x86_64-debian-clang | 0.8.1 | 2.38 | 21.40 | 23.78 | OK | |
r-devel-linux-x86_64-debian-gcc | 0.8.1 | 2.59 | 20.84 | 23.43 | OK | |
r-devel-linux-x86_64-fedora-clang | 0.8.1 | 29.86 | NOTE | |||
r-devel-linux-x86_64-fedora-gcc | 0.8.1 | 26.97 | NOTE | |||
r-devel-windows-ix86+x86_64 | 0.8.1 | 10.00 | 49.00 | 59.00 | OK | |
r-patched-linux-x86_64 | 0.8.1 | 2.42 | 21.80 | 24.22 | OK | |
r-patched-solaris-x86 | 0.8.1 | 43.60 | NOTE | |||
r-release-linux-x86_64 | 0.8.1 | 1.52 | 20.55 | 22.07 | OK | |
r-release-windows-ix86+x86_64 | 0.8.1 | 4.00 | 43.00 | 47.00 | OK | |
r-release-osx-x86_64 | 0.8.1 | NOTE | ||||
r-oldrel-windows-ix86+x86_64 | 0.8.1 | 7.00 | 51.00 | 58.00 | OK | |
r-oldrel-osx-x86_64 | 0.8.1 | NOTE |
Version: 0.8.1
Check: dependencies in R code
Result: NOTE
Namespace in Imports field not imported from: ‘digest’
All declared Imports should be used.
Flavors: r-devel-linux-x86_64-fedora-clang, r-devel-linux-x86_64-fedora-gcc, r-patched-solaris-x86, r-release-osx-x86_64, r-oldrel-osx-x86_64