CRAN Package Check Results for Package reinforcedPred

Last updated on 2019-04-21 01:48:02 CEST.

Flavor Version Tinstall Tcheck Ttotal Status Flags
r-devel-linux-x86_64-debian-clang 0.1.1 2.91 31.21 34.12 OK
r-devel-linux-x86_64-debian-gcc 0.1.1 3.33 32.85 36.18 OK
r-devel-linux-x86_64-fedora-clang 0.1.1 41.52 OK
r-devel-linux-x86_64-fedora-gcc 0.1.1 38.74 OK
r-devel-windows-ix86+x86_64 0.1.1 8.00 62.00 70.00 OK
r-patched-linux-x86_64 0.1.1 3.17 29.75 32.92 OK
r-patched-solaris-x86 0.1.1 63.80 OK
r-release-linux-x86_64 0.1.1 2.20 28.30 30.50 OK
r-release-windows-ix86+x86_64 0.1.1 4.00 58.00 62.00 OK
r-release-osx-x86_64 0.1.1 OK
r-oldrel-osx-x86_64 0.1.1 ERROR

Check Details

Version: 0.1.1
Check: whether package can be installed
Result: ERROR
    Installation failed.
Flavor: r-oldrel-osx-x86_64