CRAN Package Check Results for Package revgeo

Last updated on 2019-04-21 01:48:02 CEST.

Flavor Version Tinstall Tcheck Ttotal Status Flags
r-devel-linux-x86_64-debian-clang 0.15 2.61 23.26 25.87 OK
r-devel-linux-x86_64-debian-gcc 0.15 2.72 22.02 24.74 OK
r-devel-linux-x86_64-fedora-clang 0.15 30.78 OK
r-devel-linux-x86_64-fedora-gcc 0.15 29.26 OK
r-devel-windows-ix86+x86_64 0.15 5.00 38.00 43.00 OK
r-patched-linux-x86_64 0.15 2.47 23.36 25.83 OK
r-patched-solaris-x86 0.15 49.40 ERROR
r-release-linux-x86_64 0.15 1.76 22.43 24.19 NOTE
r-release-windows-ix86+x86_64 0.15 3.00 36.00 39.00 OK
r-release-osx-x86_64 0.15 OK
r-oldrel-windows-ix86+x86_64 0.15 4.00 33.00 37.00 OK
r-oldrel-osx-x86_64 0.15 OK

Check Details

Version: 0.15
Check: examples
Result: ERROR
    Running examples in ‘revgeo-Ex.R’ failed
    The error most likely occurred in:
    
    > ### Name: revgeo
    > ### Title: Reverse Geocoding with the Photon Geocoder for OpenStreetMap,
    > ### Google Maps, and Bing.
    > ### Aliases: revgeo
    > ### Keywords: geocode reverse
    >
    > ### ** Examples
    >
    > revgeo(longitude=-77.0229529, latitude=38.89283435)
    [1] "Getting geocode data from Photon: http://photon.komoot.de/reverse?lon=-77.0229529&lat=38.89283435"
    
    Execution halted
Flavor: r-patched-solaris-x86

Version: 0.15
Check: DESCRIPTION meta-information
Result: NOTE
    Dependence on R version ‘3.3.2’ not with patchlevel 0
Flavor: r-release-linux-x86_64