CRAN Package Check Results for Package robCompositions

Last updated on 2019-04-21 01:48:03 CEST.

Flavor Version Tinstall Tcheck Ttotal Status Flags
r-devel-linux-x86_64-debian-clang 2.1.0 26.21 213.58 239.79 OK
r-devel-linux-x86_64-debian-gcc 2.1.0 22.22 174.42 196.64 OK
r-devel-linux-x86_64-fedora-clang 2.1.0 273.98 NOTE
r-devel-linux-x86_64-fedora-gcc 2.1.0 280.66 NOTE
r-devel-windows-ix86+x86_64 2.1.0 74.00 211.00 285.00 OK --no-examples --no-tests --no-vignettes
r-patched-linux-x86_64 2.1.0 24.06 209.20 233.26 OK
r-patched-solaris-x86 2.1.0 388.90 NOTE
r-release-linux-x86_64 2.1.0 19.40 206.43 225.83 OK
r-release-windows-ix86+x86_64 2.1.0 37.00 158.00 195.00 OK --no-examples --no-tests --no-vignettes
r-release-osx-x86_64 2.1.0 NOTE
r-oldrel-windows-ix86+x86_64 2.1.0 40.00 208.00 248.00 OK --no-examples --no-tests --no-vignettes
r-oldrel-osx-x86_64 2.0.10 NOTE

Check Details

Version: 2.1.0
Check: data for non-ASCII characters
Result: NOTE
     Note: found 5701 marked UTF-8 strings
Flavors: r-devel-linux-x86_64-fedora-clang, r-devel-linux-x86_64-fedora-gcc, r-patched-solaris-x86, r-release-osx-x86_64

Version: 2.0.10
Check: data for non-ASCII characters
Result: NOTE
     Note: found 5701 marked UTF-8 strings
Flavor: r-oldrel-osx-x86_64