Last updated on 2019-04-21 01:48:04 CEST.
Flavor | Version | Tinstall | Tcheck | Ttotal | Status | Flags |
---|---|---|---|---|---|---|
r-devel-linux-x86_64-debian-clang | 0.1.1 | 2.49 | 24.73 | 27.22 | OK | |
r-devel-linux-x86_64-debian-gcc | 0.1.1 | 2.85 | 23.09 | 25.94 | OK | |
r-devel-linux-x86_64-fedora-clang | 0.1.1 | 32.79 | NOTE | |||
r-devel-linux-x86_64-fedora-gcc | 0.1.1 | 31.37 | NOTE | |||
r-devel-windows-ix86+x86_64 | 0.1.1 | 11.00 | 51.00 | 62.00 | OK | |
r-patched-linux-x86_64 | 0.1.1 | 2.11 | 24.77 | 26.88 | OK | |
r-patched-solaris-x86 | 0.1.1 | 50.00 | NOTE | |||
r-release-linux-x86_64 | 0.1.1 | 1.86 | 23.94 | 25.80 | OK | |
r-release-windows-ix86+x86_64 | 0.1.1 | 4.00 | 48.00 | 52.00 | OK | |
r-release-osx-x86_64 | 0.1.1 | NOTE | ||||
r-oldrel-windows-ix86+x86_64 | 0.1.1 | 8.00 | 55.00 | 63.00 | OK | |
r-oldrel-osx-x86_64 | 0.1.1 | NOTE |
Version: 0.1.1
Check: package dependencies
Result: NOTE
Package suggested but not available for checking: ‘RQuantLib’
Flavors: r-devel-linux-x86_64-fedora-clang, r-devel-linux-x86_64-fedora-gcc, r-patched-solaris-x86, r-release-osx-x86_64, r-oldrel-osx-x86_64