CRAN Package Check Results for Package runjags

Last updated on 2019-04-21 01:48:04 CEST.

Flavor Version Tinstall Tcheck Ttotal Status Flags
r-devel-linux-x86_64-debian-clang 2.0.4-2 28.99 283.83 312.82 OK
r-devel-linux-x86_64-debian-gcc 2.0.4-2 24.78 222.29 247.07 OK
r-devel-linux-x86_64-fedora-clang 2.0.4-2 372.15 NOTE
r-devel-linux-x86_64-fedora-gcc 2.0.4-2 353.76 NOTE
r-devel-windows-ix86+x86_64 2.0.4-2 63.00 110.00 173.00 OK --no-examples --no-tests --no-vignettes
r-patched-linux-x86_64 2.0.4-2 27.71 282.81 310.52 OK
r-patched-solaris-x86 2.0.4-2 557.30 OK
r-release-linux-x86_64 2.0.4-2 26.01 270.88 296.89 OK
r-release-windows-ix86+x86_64 2.0.4-2 44.00 143.00 187.00 OK --no-examples --no-tests --no-vignettes
r-release-osx-x86_64 2.0.4-2 OK
r-oldrel-windows-ix86+x86_64 2.0.4-2 26.00 147.00 173.00 OK --no-examples --no-tests --no-vignettes
r-oldrel-osx-x86_64 2.0.4-2 OK

Check Details

Version: 2.0.4-2
Check: compiled code
Result: NOTE
    File ‘runjags/libs/runjags.so’:
     Found no calls to: ‘R_registerRoutines’, ‘R_useDynamicSymbols’
    
    It is good practice to register native routines and to disable symbol
    search.
    
    See ‘Writing portable packages’ in the ‘Writing R Extensions’ manual.
Flavors: r-devel-linux-x86_64-fedora-clang, r-devel-linux-x86_64-fedora-gcc