CRAN Package Check Results for Package scales

Last updated on 2019-04-21 01:48:04 CEST.

Flavor Version Tinstall Tcheck Ttotal Status Flags
r-devel-linux-x86_64-debian-clang 1.0.0 18.21 36.15 54.36 OK
r-devel-linux-x86_64-debian-gcc 1.0.0 14.78 31.57 46.35 OK
r-devel-linux-x86_64-fedora-clang 1.0.0 72.35 NOTE
r-devel-linux-x86_64-fedora-gcc 1.0.0 67.42 NOTE
r-devel-windows-ix86+x86_64 1.0.0 50.00 94.00 144.00 OK
r-patched-linux-x86_64 1.0.0 18.94 36.26 55.20 OK
r-patched-solaris-x86 1.0.0 87.90 NOTE
r-release-linux-x86_64 1.0.0 16.53 35.57 52.10 OK
r-release-windows-ix86+x86_64 1.0.0 35.00 96.00 131.00 OK
r-release-osx-x86_64 1.0.0 NOTE
r-oldrel-windows-ix86+x86_64 1.0.0 33.00 97.00 130.00 OK
r-oldrel-osx-x86_64 1.0.0 NOTE

Check Details

Version: 1.0.0
Check: dependencies in R code
Result: NOTE
    Namespace in Imports field not imported from: ‘R6’
     All declared Imports should be used.
Flavors: r-devel-linux-x86_64-fedora-clang, r-devel-linux-x86_64-fedora-gcc, r-patched-solaris-x86, r-release-osx-x86_64, r-oldrel-osx-x86_64