CRAN Package Check Results for Package scanstatistics

Last updated on 2019-04-21 01:48:04 CEST.

Flavor Version Tinstall Tcheck Ttotal Status Flags
r-devel-linux-x86_64-debian-clang 1.0.1 109.95 90.97 200.92 NOTE
r-devel-linux-x86_64-debian-gcc 1.0.1 96.04 73.96 170.00 NOTE
r-devel-linux-x86_64-fedora-clang 1.0.1 289.33 NOTE
r-devel-linux-x86_64-fedora-gcc 1.0.1 274.17 NOTE
r-devel-windows-ix86+x86_64 1.0.1 311.00 156.00 467.00 OK
r-patched-linux-x86_64 1.0.1 107.70 89.81 197.51 NOTE
r-patched-solaris-x86 1.0.1 292.20 OK
r-release-linux-x86_64 1.0.1 107.67 86.76 194.43 OK
r-release-windows-ix86+x86_64 1.0.1 240.00 184.00 424.00 OK
r-release-osx-x86_64 1.0.1 OK
r-oldrel-windows-ix86+x86_64 1.0.1 331.00 182.00 513.00 OK
r-oldrel-osx-x86_64 1.0.1 OK

Check Details

Version: 1.0.1
Check: use of SHLIB_OPENMP_*FLAGS in Makefiles
Result: NOTE
     src/Makevars.win: SHLIB_OPENMP_CXXFLAGS is included in PKG_CXXFLAGS but not in PKG_LIBS
     src/Makevars.win: SHLIB_OPENMP_CFLAGS is included in PKG_LIBS but linking is by C++
    Use of these macros is discussed in sect 1.2.1.1 of 'Writing R
    Extensions'. The macros for different languages may differ so the
    matching macro must be used in PKG_CXXFLAGS (etc) and match that used
    in PKG_LIBS (except for Fortran: see the manual).
Flavors: r-devel-linux-x86_64-debian-clang, r-devel-linux-x86_64-debian-gcc, r-devel-linux-x86_64-fedora-clang, r-devel-linux-x86_64-fedora-gcc, r-patched-linux-x86_64