CRAN Package Check Results for Package shinyEffects

Last updated on 2019-04-21 01:48:05 CEST.

Flavor Version Tinstall Tcheck Ttotal Status Flags
r-devel-linux-x86_64-debian-clang 0.1.0 1.75 19.47 21.22 OK
r-devel-linux-x86_64-debian-gcc 0.1.0 2.16 18.81 20.97 OK
r-devel-linux-x86_64-fedora-clang 0.1.0 26.00 NOTE
r-devel-linux-x86_64-fedora-gcc 0.1.0 24.73 NOTE
r-devel-windows-ix86+x86_64 0.1.0 8.00 41.00 49.00 OK
r-patched-linux-x86_64 0.1.0 1.70 19.63 21.33 OK
r-patched-solaris-x86 0.1.0 39.90 NOTE
r-release-linux-x86_64 0.1.0 0.95 18.59 19.54 OK
r-release-windows-ix86+x86_64 0.1.0 2.00 34.00 36.00 OK
r-release-osx-x86_64 0.1.0 NOTE
r-oldrel-windows-ix86+x86_64 0.1.0 2.00 45.00 47.00 OK
r-oldrel-osx-x86_64 0.1.0 NOTE

Check Details

Version: 0.1.0
Check: dependencies in R code
Result: NOTE
    Namespace in Imports field not imported from: ‘shinydashboard’
     All declared Imports should be used.
Flavors: r-devel-linux-x86_64-fedora-clang, r-devel-linux-x86_64-fedora-gcc, r-patched-solaris-x86, r-release-osx-x86_64, r-oldrel-osx-x86_64