CRAN Package Check Results for Package shinydashboardPlus

Last updated on 2019-04-21 01:48:05 CEST.

Flavor Version Tinstall Tcheck Ttotal Status Flags
r-devel-linux-x86_64-debian-clang 0.7.0 3.77 41.45 45.22 OK
r-devel-linux-x86_64-debian-gcc 0.7.0 4.41 36.92 41.33 OK
r-devel-linux-x86_64-fedora-clang 0.7.0 54.23 OK
r-devel-linux-x86_64-fedora-gcc 0.7.0 51.99 OK
r-devel-windows-ix86+x86_64 0.7.0 17.00 95.00 112.00 OK
r-patched-linux-x86_64 0.7.0 3.99 41.79 45.78 OK
r-patched-solaris-x86 0.7.0 77.60 OK
r-release-linux-x86_64 0.7.0 3.13 35.86 38.99 OK
r-release-windows-ix86+x86_64 0.7.0 3.00 5.00 8.00 ERROR
r-release-osx-x86_64 0.7.0 OK
r-oldrel-windows-ix86+x86_64 0.7.0 7.00 88.00 95.00 OK
r-oldrel-osx-x86_64 0.6.0 OK

Check Details

Version: 0.7.0
Check: whether package can be installed
Result: ERROR
    Installation failed.
Flavor: r-release-windows-ix86+x86_64