CRAN Package Check Results for Package shopifyr

Last updated on 2019-04-21 01:48:05 CEST.

Flavor Version Tinstall Tcheck Ttotal Status Flags
r-devel-linux-x86_64-debian-clang 0.28 5.77 29.03 34.80 NOTE
r-devel-linux-x86_64-debian-gcc 0.28 4.97 26.29 31.26 NOTE
r-devel-linux-x86_64-fedora-clang 0.28 40.32 NOTE
r-devel-linux-x86_64-fedora-gcc 0.28 38.60 NOTE
r-devel-windows-ix86+x86_64 0.28 13.00 62.00 75.00 NOTE
r-patched-linux-x86_64 0.28 5.22 29.00 34.22 NOTE
r-patched-solaris-x86 0.28 63.10 NOTE
r-release-linux-x86_64 0.28 3.25 27.63 30.88 NOTE
r-release-windows-ix86+x86_64 0.28 5.00 56.00 61.00 NOTE
r-release-osx-x86_64 0.28 NOTE
r-oldrel-windows-ix86+x86_64 0.28 4.00 51.00 55.00 NOTE
r-oldrel-osx-x86_64 0.28 NOTE

Check Details

Version: 0.28
Check: DESCRIPTION meta-information
Result: NOTE
    Malformed Description field: should contain one or more complete sentences.
Flavors: r-devel-linux-x86_64-debian-clang, r-devel-linux-x86_64-debian-gcc, r-devel-linux-x86_64-fedora-clang, r-devel-linux-x86_64-fedora-gcc, r-devel-windows-ix86+x86_64, r-patched-linux-x86_64, r-patched-solaris-x86, r-release-linux-x86_64, r-release-windows-ix86+x86_64, r-release-osx-x86_64, r-oldrel-windows-ix86+x86_64, r-oldrel-osx-x86_64

Version: 0.28
Check: R code for possible problems
Result: NOTE
    .params: no visible binding for global variable 'URLencode'
    .params: no visible global function definition for 'URLencode'
    Undefined global functions or variables:
     URLencode
    Consider adding
     importFrom("utils", "URLencode")
    to your NAMESPACE file.
Flavors: r-devel-linux-x86_64-debian-clang, r-devel-linux-x86_64-debian-gcc, r-devel-linux-x86_64-fedora-clang, r-devel-linux-x86_64-fedora-gcc, r-devel-windows-ix86+x86_64, r-patched-linux-x86_64, r-patched-solaris-x86, r-release-linux-x86_64, r-release-windows-ix86+x86_64, r-release-osx-x86_64, r-oldrel-windows-ix86+x86_64, r-oldrel-osx-x86_64