CRAN Package Check Results for Package smartdata

Last updated on 2019-04-21 01:48:05 CEST.

Flavor Version Tinstall Tcheck Ttotal Status Flags
r-devel-linux-x86_64-debian-clang 1.0.2 10.87 266.23 277.10 OK
r-devel-linux-x86_64-debian-gcc 1.0.2 9.09 199.83 208.92 OK
r-devel-linux-x86_64-fedora-clang 1.0.2 321.59 NOTE
r-devel-linux-x86_64-fedora-gcc 1.0.2 299.55 NOTE
r-devel-windows-ix86+x86_64 1.0.2 39.00 380.00 419.00 OK
r-patched-linux-x86_64 1.0.2 10.87 251.60 262.47 OK
r-release-linux-x86_64 1.0.2 7.11 257.41 264.52 OK
r-release-windows-ix86+x86_64 1.0.2 17.00 281.00 298.00 OK
r-release-osx-x86_64 1.0.2 NOTE
r-oldrel-windows-ix86+x86_64 1.0.2 28.00 419.00 447.00 OK
r-oldrel-osx-x86_64 1.0.2 ERROR

Check Details

Version: 1.0.2
Check: dependencies in R code
Result: NOTE
    Namespaces in Imports field not imported from:
     ‘Amelia’ ‘Boruta’ ‘DMwR’ ‘MVN’ ‘NoiseFiltersR’ ‘VIM’ ‘adaptiveGPCA’
     ‘class’ ‘clusterSim’ ‘denoiseR’ ‘discretization’ ‘imbalance’ ‘lle’
     ‘missForest’ ‘missMDA’ ‘outliers’ ‘unbalanced’
     All declared Imports should be used.
Flavors: r-devel-linux-x86_64-fedora-clang, r-devel-linux-x86_64-fedora-gcc, r-release-osx-x86_64, r-oldrel-osx-x86_64

Version: 1.0.2
Check: examples
Result: ERROR
    Running examples in ‘smartdata-Ex.R’ failed
    The error most likely occurred in:
    
    > ### Name: instance_selection
    > ### Title: Instance selection wrapper
    > ### Aliases: instance_selection
    >
    > ### ** Examples
    >
    > library("smartdata")
    >
    > super_iris <- instance_selection(iris, method = "CNN", class_attr = "Species")
    Error in dyn.load(file, DLLpath = DLLpath, ...) :
     unable to load shared object '/Volumes/SSD-Data/Builds/R-dev-web/QA/Simon/packages/el-capitan-x86_64/Rlib/3.4/fastmatch/libs/fastmatch.so':
     `maximal number of DLLs reached...
    Calls: instance_selection ... tryCatch -> tryCatchList -> tryCatchOne -> <Anonymous>
    Execution halted
Flavor: r-oldrel-osx-x86_64

Version: 1.0.2
Check: tests
Result: ERROR
     Running ‘testthat.R’ [87s/79s]
    Running the tests in ‘tests/testthat.R’ failed.
    Last 13 lines of output:
     ══ testthat results ═══════════════════════════════════════════════════════════
     OK: 296 SKIPPED: 0 FAILED: 27
     1. Failure: Correct normalization (@testNormalization.R#15)
     2. Failure: Correct normalization (@testNormalization.R#16)
     3. Failure: Correct normalization (@testNormalization.R#17)
     4. Failure: Correct normalization (@testNormalization.R#18)
     5. Failure: Correct normalization (@testNormalization.R#19)
     6. Failure: Correct normalization (@testNormalization.R#20)
     7. Failure: Correct normalization (@testNormalization.R#21)
     8. Failure: Correct normalization (@testNormalization.R#22)
     9. Failure: Correct normalization (@testNormalization.R#23)
     1. ...
    
     Error: testthat unit tests failed
     Execution halted
Flavor: r-oldrel-osx-x86_64